{"id":1012,"date":"2024-10-11T14:50:18","date_gmt":"2024-10-11T14:50:18","guid":{"rendered":"https:\/\/ringsport.hu\/?page_id=1012"},"modified":"2024-10-14T13:41:27","modified_gmt":"2024-10-14T13:41:27","slug":"virtual-swim-trainer","status":"publish","type":"page","link":"https:\/\/ringsport.hu\/index.php\/virtual-swim-trainer\/","title":{"rendered":"Virtual Swim Trainer"},"content":{"rendered":"<p>[et_pb_section fb_built=&#8221;1&#8243; _builder_version=&#8221;4.27.2&#8243; _module_preset=&#8221;default&#8221; background_video_mp4=&#8221;https:\/\/ringsport.hu\/wp-content\/uploads\/2024\/10\/virtual-trainer.mp4&#8243; global_colors_info=&#8221;{}&#8221;][et_pb_row _builder_version=&#8221;4.27.2&#8243; _module_preset=&#8221;default&#8221; global_colors_info=&#8221;{}&#8221;][et_pb_column type=&#8221;4_4&#8243; _builder_version=&#8221;4.27.2&#8243; _module_preset=&#8221;default&#8221; global_colors_info=&#8221;{}&#8221;][et_pb_slider _builder_version=&#8221;4.27.2&#8243; _module_preset=&#8221;default&#8221; header_font=&#8221;|700||on|||||&#8221; header_font_size=&#8221;46px&#8221; background_color=&#8221;RGBA(255,255,255,0)&#8221; custom_button=&#8221;on&#8221; button_border_radius=&#8221;7px&#8221; button_font=&#8221;|700|||||||&#8221; button_use_icon=&#8221;off&#8221; global_colors_info=&#8221;{}&#8221;][et_pb_slide heading=&#8221;Virtual Swim Trainer \u2013 Temp\u00f3k\u00f6vet\u00e9s f\u00e9nysebess\u00e9ggel&#8221; button_text=&#8221;\u00cdrj nek\u00fcnk&#8221; button_link=&#8221;https:\/\/ringsport.hu\/index.php\/kapcsolat\/&#8221; _builder_version=&#8221;4.27.2&#8243; _module_preset=&#8221;default&#8221; header_font=&#8221;|700||on|||||&#8221; header_text_align=&#8221;center&#8221; header_font_size=&#8221;60px&#8221; global_colors_info=&#8221;{}&#8221; sticky_transition=&#8221;on&#8221;][\/et_pb_slide][\/et_pb_slider][\/et_pb_column][\/et_pb_row][\/et_pb_section][et_pb_section fb_built=&#8221;1&#8243; _builder_version=&#8221;4.27.2&#8243; _module_preset=&#8221;default&#8221; global_colors_info=&#8221;{}&#8221;][et_pb_row _builder_version=&#8221;4.27.2&#8243; _module_preset=&#8221;default&#8221; global_colors_info=&#8221;{}&#8221;][et_pb_column type=&#8221;4_4&#8243; _builder_version=&#8221;4.27.2&#8243; _module_preset=&#8221;default&#8221; global_colors_info=&#8221;{}&#8221;][et_pb_heading title=&#8221;Virtual Swim Trainer \u2013 Temp\u00f3k\u00f6vet\u00e9s f\u00e9nysebess\u00e9ggel&#8221; _builder_version=&#8221;4.27.2&#8243; _module_preset=&#8221;default&#8221; title_level=&#8221;h2&#8243; title_font=&#8221;|600||on|||||&#8221; title_font_size=&#8221;36px&#8221; title_line_height=&#8221;1.3em&#8221; global_colors_info=&#8221;{}&#8221;][\/et_pb_heading][et_pb_text _builder_version=&#8221;4.27.2&#8243; _module_preset=&#8221;default&#8221; text_font_size=&#8221;16px&#8221; global_colors_info=&#8221;{}&#8221;]<\/p>\n<p>Az \u00fasz\u00e1s edz\u00e9se m\u00e9g soha nem volt ilyen dinamikus \u00e9s pontos! A Virtual Swim Trainer rendszer LED f\u00e9nyek seg\u00edts\u00e9g\u00e9vel vezeti az \u00fasz\u00f3kat a t\u00f6k\u00e9letes temp\u00f3hoz, hogy minden egyes hossz a lehet\u0151 legjobban siker\u00fclj\u00f6n. T\u00f6k\u00e9letes eszk\u00f6z versenyz\u0151knek \u00e9s kluboknak, ahol a sebess\u00e9g \u00e9s a pontoss\u00e1g kulcsfontoss\u00e1g\u00fa!<\/p>\n<p>[\/et_pb_text][\/et_pb_column][\/et_pb_row][et_pb_row column_structure=&#8221;1_2,1_2&#8243; _builder_version=&#8221;4.27.2&#8243; _module_preset=&#8221;default&#8221; global_colors_info=&#8221;{}&#8221;][et_pb_column type=&#8221;1_2&#8243; _builder_version=&#8221;4.27.2&#8243; _module_preset=&#8221;default&#8221; global_colors_info=&#8221;{}&#8221;][et_pb_image src=&#8221;https:\/\/ringsport.hu\/wp-content\/uploads\/2024\/10\/Virtual_trainer_1140x876_1.jpg&#8221; alt=&#8221;Virtual trainer 1140&#215;876 1&#8243; title_text=&#8221;Virtual trainer 1140&#215;876 1&#8243; _builder_version=&#8221;4.27.2&#8243; _module_preset=&#8221;default&#8221; global_colors_info=&#8221;{}&#8221;][\/et_pb_image][\/et_pb_column][et_pb_column type=&#8221;1_2&#8243; _builder_version=&#8221;4.27.2&#8243; _module_preset=&#8221;default&#8221; global_colors_info=&#8221;{}&#8221;][et_pb_text _builder_version=&#8221;4.27.2&#8243; _module_preset=&#8221;default&#8221; text_font_size=&#8221;16px&#8221; global_colors_info=&#8221;{}&#8221;]<\/p>\n<p>A <strong>Virtual Swim Trainer<\/strong> egy innovat\u00edv \u00fasz\u00e1sedz\u0151 rendszer, amelyet LED f\u00e9nyek seg\u00edts\u00e9g\u00e9vel \u00fagy terveztek, hogy folyamatosan jelezze az \u00fasz\u00f3k sz\u00e1m\u00e1ra a temp\u00f3jukat, seg\u00edtve \u0151ket abban, hogy a megadott edz\u00e9si ritmusban maradjanak. A rendszer alapvet\u0151en egy v\u00edz\u00e1ll\u00f3 LED cs\u00edkb\u00f3l \u00e1ll, amely a medence teljes hossz\u00e1ban fut, \u00e9s vizu\u00e1lisan jelzi, ha az \u00fasz\u00f3k a megadott sebess\u00e9gn\u00e9l gyorsabban vagy lassabban haladnak. A f\u00e9nyek er\u0151ss\u00e9ge \u00e1ll\u00edthat\u00f3, \u00edgy b\u00e1rmilyen f\u00e9nyviszonyok k\u00f6z\u00f6tt j\u00f3l l\u00e1that\u00f3.<\/p>\n<p>A rendszer ak\u00e1r <strong>8 s\u00e1vot is k\u00e9pes kezelni<\/strong>, \u00e9s minden s\u00e1vban t\u00f6bb \u00fasz\u00f3 is edzhet egyszerre, mindegyik saj\u00e1t sz\u00ednk\u00f3dolt f\u00e9nyt k\u00f6vetve. Ez lehet\u0151v\u00e9 teszi, hogy ak\u00e1r 6-12 \u00fasz\u00f3 is r\u00e9szt vegyen egy id\u0151ben az edz\u00e9sen, an\u00e9lk\u00fcl, hogy egym\u00e1st zavarn\u00e1k. A Virtual Swim Trainer k\u00f6nnyen telep\u00edthet\u0151, \u00e9s mind\u00f6ssze n\u00e9h\u00e1ny perc alatt \u00fczemk\u00e9sz.<\/p>\n<p>[\/et_pb_text][\/et_pb_column][\/et_pb_row][et_pb_row column_structure=&#8221;1_2,1_2&#8243; _builder_version=&#8221;4.27.2&#8243; _module_preset=&#8221;default&#8221; locked=&#8221;off&#8221; global_colors_info=&#8221;{}&#8221;][et_pb_column type=&#8221;1_2&#8243; _builder_version=&#8221;4.27.2&#8243; _module_preset=&#8221;default&#8221; global_colors_info=&#8221;{}&#8221;][et_pb_text _builder_version=&#8221;4.27.2&#8243; _module_preset=&#8221;default&#8221; text_font_size=&#8221;16px&#8221; global_colors_info=&#8221;{}&#8221;]<\/p>\n<p>A rendszer egyik legnagyobb el\u0151nye, hogy <strong>programozhat\u00f3 laptopr\u00f3l, t\u00e1blag\u00e9pr\u0151l vagy okostelefonr\u00f3l<\/strong>, \u00e9s el\u0151re megadott edz\u00e9stervek szerint m\u0171k\u00f6dik. T\u00f6k\u00e9letes eszk\u00f6z az \u00fasz\u00f3k temp\u00f3- \u00e9s technikai fejleszt\u00e9s\u00e9hez, mivel folyamatos visszajelz\u00e9st ad a temp\u00f3r\u00f3l, \u00edgy a sportol\u00f3k val\u00f3s id\u0151ben tudj\u00e1k k\u00f6vetni teljes\u00edtm\u00e9ny\u00fcket.<\/p>\n<p>[\/et_pb_text][\/et_pb_column][et_pb_column type=&#8221;1_2&#8243; _builder_version=&#8221;4.27.2&#8243; _module_preset=&#8221;default&#8221; global_colors_info=&#8221;{}&#8221;][et_pb_image src=&#8221;https:\/\/ringsport.hu\/wp-content\/uploads\/2024\/10\/Virtual_trainer_1140x876_3.jpg&#8221; alt=&#8221;Virtual trainer 1140&#215;876 3&#8243; title_text=&#8221;Virtual trainer 1140&#215;876 3&#8243; _builder_version=&#8221;4.27.2&#8243; _module_preset=&#8221;default&#8221; global_colors_info=&#8221;{}&#8221;][\/et_pb_image][\/et_pb_column][\/et_pb_row][et_pb_row _builder_version=&#8221;4.27.2&#8243; _module_preset=&#8221;default&#8221; global_colors_info=&#8221;{}&#8221;][et_pb_column type=&#8221;4_4&#8243; _builder_version=&#8221;4.27.2&#8243; _module_preset=&#8221;default&#8221; global_colors_info=&#8221;{}&#8221;][et_pb_text _builder_version=&#8221;4.27.2&#8243; _module_preset=&#8221;default&#8221; text_font_size=&#8221;16px&#8221; hover_enabled=&#8221;0&#8243; global_colors_info=&#8221;{}&#8221; sticky_enabled=&#8221;0&#8243;]<\/p>\n<p><strong>Ez a rendszer kiv\u00e1l\u00f3 v\u00e1laszt\u00e1s versenysportol\u00f3knak \u00e9s \u00fasz\u00f3kluboknak, mivel egyszerre biztos\u00edt vizu\u00e1lis visszajelz\u00e9st t\u00f6bb \u00fasz\u00f3 sz\u00e1m\u00e1ra is, n\u00f6velve az edz\u00e9sek hat\u00e9konys\u00e1g\u00e1t.<\/strong><\/p>\n<p>[\/et_pb_text][\/et_pb_column][\/et_pb_row][\/et_pb_section][et_pb_section fb_built=&#8221;1&#8243; _builder_version=&#8221;4.27.2&#8243; _module_preset=&#8221;default&#8221; background_video_mp4=&#8221;https:\/\/ringsport.hu\/wp-content\/uploads\/2024\/10\/virtual-trainer-foot.mp4&#8243; global_colors_info=&#8221;{}&#8221;][et_pb_row _builder_version=&#8221;4.27.2&#8243; _module_preset=&#8221;default&#8221; global_colors_info=&#8221;{}&#8221;][et_pb_column type=&#8221;4_4&#8243; _builder_version=&#8221;4.27.2&#8243; _module_preset=&#8221;default&#8221; global_colors_info=&#8221;{}&#8221;][et_pb_text _builder_version=&#8221;4.27.2&#8243; _module_preset=&#8221;default&#8221; text_font=&#8221;|||on|||||&#8221; header_2_font=&#8221;|700||on|||||&#8221; header_2_text_color=&#8221;#FFFFFF&#8221; header_2_font_size=&#8221;40px&#8221; text_orientation=&#8221;center&#8221; locked=&#8221;off&#8221; global_colors_info=&#8221;{}&#8221;]<\/p>\n<h2><span>Szeretn\u00e9l t\u00f6bbet megtudni a Virtual Swim Trainer-r\u0151l?<\/span><\/h2>\n<p>[\/et_pb_text][et_pb_button button_url=&#8221;https:\/\/ringsport.hu\/index.php\/kapcsolat\/&#8221; button_text=&#8221;\u00cdrj nek\u00fcnk&#8221; button_alignment=&#8221;center&#8221; _builder_version=&#8221;4.24.0&#8243; _module_preset=&#8221;default&#8221; custom_button=&#8221;on&#8221; button_text_size=&#8221;20px&#8221; button_text_color=&#8221;#FFFFFF&#8221; button_border_radius=&#8221;7px&#8221; button_font=&#8221;|700|||||||&#8221; button_use_icon=&#8221;off&#8221; locked=&#8221;off&#8221; global_colors_info=&#8221;{}&#8221;][\/et_pb_button][\/et_pb_column][\/et_pb_row][\/et_pb_section]<\/p>\n","protected":false},"excerpt":{"rendered":"<p>Az \u00fasz\u00e1s edz\u00e9se m\u00e9g soha nem volt ilyen dinamikus \u00e9s pontos! A Virtual Swim Trainer rendszer LED f\u00e9nyek seg\u00edts\u00e9g\u00e9vel vezeti az \u00fasz\u00f3kat a t\u00f6k\u00e9letes temp\u00f3hoz, hogy minden egyes hossz a lehet\u0151 legjobban siker\u00fclj\u00f6n. T\u00f6k\u00e9letes eszk\u00f6z versenyz\u0151knek \u00e9s kluboknak, ahol a sebess\u00e9g \u00e9s a pontoss\u00e1g kulcsfontoss\u00e1g\u00fa!A Virtual Swim Trainer egy innovat\u00edv \u00fasz\u00e1sedz\u0151 rendszer, amelyet LED f\u00e9nyek [&hellip;]<\/p>\n","protected":false},"author":2,"featured_media":0,"parent":0,"menu_order":0,"comment_status":"closed","ping_status":"closed","template":"","meta":{"_et_pb_use_builder":"on","_et_pb_old_content":"","_et_gb_content_width":"","footnotes":""},"class_list":["post-1012","page","type-page","status-publish","hentry"],"yoast_head":"<!-- This site is optimized with the Yoast SEO Premium plugin v27.5 (Yoast SEO v27.5) - https:\/\/yoast.com\/product\/yoast-seo-premium-wordpress\/ -->\n<title>Virtual Swim Trainer - RingSport<\/title>\n<meta name=\"robots\" content=\"index, follow, max-snippet:-1, max-image-preview:large, max-video-preview:-1\" \/>\n<link rel=\"canonical\" href=\"https:\/\/ringsport.hu\/index.php\/virtual-swim-trainer\/\" \/>\n<meta property=\"og:locale\" content=\"hu_HU\" \/>\n<meta property=\"og:type\" content=\"article\" \/>\n<meta property=\"og:title\" content=\"Virtual Swim Trainer\" \/>\n<meta property=\"og:description\" content=\"Az \u00fasz\u00e1s edz\u00e9se m\u00e9g soha nem volt ilyen dinamikus \u00e9s pontos! A Virtual Swim Trainer rendszer LED f\u00e9nyek seg\u00edts\u00e9g\u00e9vel vezeti az \u00fasz\u00f3kat a t\u00f6k\u00e9letes temp\u00f3hoz, hogy minden egyes hossz a lehet\u0151 legjobban siker\u00fclj\u00f6n. T\u00f6k\u00e9letes eszk\u00f6z versenyz\u0151knek \u00e9s kluboknak, ahol a sebess\u00e9g \u00e9s a pontoss\u00e1g kulcsfontoss\u00e1g\u00fa!A Virtual Swim Trainer egy innovat\u00edv \u00fasz\u00e1sedz\u0151 rendszer, amelyet LED f\u00e9nyek [&hellip;]\" \/>\n<meta property=\"og:url\" content=\"https:\/\/ringsport.hu\/index.php\/virtual-swim-trainer\/\" \/>\n<meta property=\"og:site_name\" content=\"RingSport\" \/>\n<meta property=\"article:modified_time\" content=\"2024-10-14T13:41:27+00:00\" \/>\n<meta name=\"twitter:card\" content=\"summary_large_image\" \/>\n<meta name=\"twitter:label1\" content=\"Becs\u00fclt olvas\u00e1si id\u0151\" \/>\n\t<meta name=\"twitter:data1\" content=\"5 perc\" \/>\n<script type=\"application\/ld+json\" class=\"yoast-schema-graph\">{\"@context\":\"https:\\\/\\\/schema.org\",\"@graph\":[{\"@type\":\"WebPage\",\"@id\":\"https:\\\/\\\/ringsport.hu\\\/index.php\\\/virtual-swim-trainer\\\/\",\"url\":\"https:\\\/\\\/ringsport.hu\\\/index.php\\\/virtual-swim-trainer\\\/\",\"name\":\"Virtual Swim Trainer - RingSport\",\"isPartOf\":{\"@id\":\"https:\\\/\\\/ringsport.hu\\\/#website\"},\"datePublished\":\"2024-10-11T14:50:18+00:00\",\"dateModified\":\"2024-10-14T13:41:27+00:00\",\"breadcrumb\":{\"@id\":\"https:\\\/\\\/ringsport.hu\\\/index.php\\\/virtual-swim-trainer\\\/#breadcrumb\"},\"inLanguage\":\"hu\",\"potentialAction\":[{\"@type\":\"ReadAction\",\"target\":[\"https:\\\/\\\/ringsport.hu\\\/index.php\\\/virtual-swim-trainer\\\/\"]}]},{\"@type\":\"BreadcrumbList\",\"@id\":\"https:\\\/\\\/ringsport.hu\\\/index.php\\\/virtual-swim-trainer\\\/#breadcrumb\",\"itemListElement\":[{\"@type\":\"ListItem\",\"position\":1,\"name\":\"Kezd\u0151lap\",\"item\":\"https:\\\/\\\/ringsport.hu\\\/\"},{\"@type\":\"ListItem\",\"position\":2,\"name\":\"Virtual Swim Trainer\"}]},{\"@type\":\"WebSite\",\"@id\":\"https:\\\/\\\/ringsport.hu\\\/#website\",\"url\":\"https:\\\/\\\/ringsport.hu\\\/\",\"name\":\"RingSport\",\"description\":\"AI-automatiz\u00e1lt sportkamera \u00e9s elemz\u00e9sek\",\"publisher\":{\"@id\":\"https:\\\/\\\/ringsport.hu\\\/#organization\"},\"potentialAction\":[{\"@type\":\"SearchAction\",\"target\":{\"@type\":\"EntryPoint\",\"urlTemplate\":\"https:\\\/\\\/ringsport.hu\\\/?s={search_term_string}\"},\"query-input\":{\"@type\":\"PropertyValueSpecification\",\"valueRequired\":true,\"valueName\":\"search_term_string\"}}],\"inLanguage\":\"hu\"},{\"@type\":\"Organization\",\"@id\":\"https:\\\/\\\/ringsport.hu\\\/#organization\",\"name\":\"RingSport\",\"url\":\"https:\\\/\\\/ringsport.hu\\\/\",\"logo\":{\"@type\":\"ImageObject\",\"inLanguage\":\"hu\",\"@id\":\"https:\\\/\\\/ringsport.hu\\\/#\\\/schema\\\/logo\\\/image\\\/\",\"url\":\"https:\\\/\\\/ringsport.hu\\\/wp-content\\\/uploads\\\/2024\\\/01\\\/RingSport-logo.png\",\"contentUrl\":\"https:\\\/\\\/ringsport.hu\\\/wp-content\\\/uploads\\\/2024\\\/01\\\/RingSport-logo.png\",\"width\":1567,\"height\":182,\"caption\":\"RingSport\"},\"image\":{\"@id\":\"https:\\\/\\\/ringsport.hu\\\/#\\\/schema\\\/logo\\\/image\\\/\"}}]}<\/script>\n<!-- \/ Yoast SEO Premium plugin. -->","yoast_head_json":{"title":"Virtual Swim Trainer - RingSport","robots":{"index":"index","follow":"follow","max-snippet":"max-snippet:-1","max-image-preview":"max-image-preview:large","max-video-preview":"max-video-preview:-1"},"canonical":"https:\/\/ringsport.hu\/index.php\/virtual-swim-trainer\/","og_locale":"hu_HU","og_type":"article","og_title":"Virtual Swim Trainer","og_description":"Az \u00fasz\u00e1s edz\u00e9se m\u00e9g soha nem volt ilyen dinamikus \u00e9s pontos! A Virtual Swim Trainer rendszer LED f\u00e9nyek seg\u00edts\u00e9g\u00e9vel vezeti az \u00fasz\u00f3kat a t\u00f6k\u00e9letes temp\u00f3hoz, hogy minden egyes hossz a lehet\u0151 legjobban siker\u00fclj\u00f6n. T\u00f6k\u00e9letes eszk\u00f6z versenyz\u0151knek \u00e9s kluboknak, ahol a sebess\u00e9g \u00e9s a pontoss\u00e1g kulcsfontoss\u00e1g\u00fa!A Virtual Swim Trainer egy innovat\u00edv \u00fasz\u00e1sedz\u0151 rendszer, amelyet LED f\u00e9nyek [&hellip;]","og_url":"https:\/\/ringsport.hu\/index.php\/virtual-swim-trainer\/","og_site_name":"RingSport","article_modified_time":"2024-10-14T13:41:27+00:00","twitter_card":"summary_large_image","twitter_misc":{"Becs\u00fclt olvas\u00e1si id\u0151":"5 perc"},"schema":{"@context":"https:\/\/schema.org","@graph":[{"@type":"WebPage","@id":"https:\/\/ringsport.hu\/index.php\/virtual-swim-trainer\/","url":"https:\/\/ringsport.hu\/index.php\/virtual-swim-trainer\/","name":"Virtual Swim Trainer - RingSport","isPartOf":{"@id":"https:\/\/ringsport.hu\/#website"},"datePublished":"2024-10-11T14:50:18+00:00","dateModified":"2024-10-14T13:41:27+00:00","breadcrumb":{"@id":"https:\/\/ringsport.hu\/index.php\/virtual-swim-trainer\/#breadcrumb"},"inLanguage":"hu","potentialAction":[{"@type":"ReadAction","target":["https:\/\/ringsport.hu\/index.php\/virtual-swim-trainer\/"]}]},{"@type":"BreadcrumbList","@id":"https:\/\/ringsport.hu\/index.php\/virtual-swim-trainer\/#breadcrumb","itemListElement":[{"@type":"ListItem","position":1,"name":"Kezd\u0151lap","item":"https:\/\/ringsport.hu\/"},{"@type":"ListItem","position":2,"name":"Virtual Swim Trainer"}]},{"@type":"WebSite","@id":"https:\/\/ringsport.hu\/#website","url":"https:\/\/ringsport.hu\/","name":"RingSport","description":"AI-automatiz\u00e1lt sportkamera \u00e9s elemz\u00e9sek","publisher":{"@id":"https:\/\/ringsport.hu\/#organization"},"potentialAction":[{"@type":"SearchAction","target":{"@type":"EntryPoint","urlTemplate":"https:\/\/ringsport.hu\/?s={search_term_string}"},"query-input":{"@type":"PropertyValueSpecification","valueRequired":true,"valueName":"search_term_string"}}],"inLanguage":"hu"},{"@type":"Organization","@id":"https:\/\/ringsport.hu\/#organization","name":"RingSport","url":"https:\/\/ringsport.hu\/","logo":{"@type":"ImageObject","inLanguage":"hu","@id":"https:\/\/ringsport.hu\/#\/schema\/logo\/image\/","url":"https:\/\/ringsport.hu\/wp-content\/uploads\/2024\/01\/RingSport-logo.png","contentUrl":"https:\/\/ringsport.hu\/wp-content\/uploads\/2024\/01\/RingSport-logo.png","width":1567,"height":182,"caption":"RingSport"},"image":{"@id":"https:\/\/ringsport.hu\/#\/schema\/logo\/image\/"}}]}},"_links":{"self":[{"href":"https:\/\/ringsport.hu\/index.php\/wp-json\/wp\/v2\/pages\/1012","targetHints":{"allow":["GET"]}}],"collection":[{"href":"https:\/\/ringsport.hu\/index.php\/wp-json\/wp\/v2\/pages"}],"about":[{"href":"https:\/\/ringsport.hu\/index.php\/wp-json\/wp\/v2\/types\/page"}],"author":[{"embeddable":true,"href":"https:\/\/ringsport.hu\/index.php\/wp-json\/wp\/v2\/users\/2"}],"replies":[{"embeddable":true,"href":"https:\/\/ringsport.hu\/index.php\/wp-json\/wp\/v2\/comments?post=1012"}],"version-history":[{"count":16,"href":"https:\/\/ringsport.hu\/index.php\/wp-json\/wp\/v2\/pages\/1012\/revisions"}],"predecessor-version":[{"id":1050,"href":"https:\/\/ringsport.hu\/index.php\/wp-json\/wp\/v2\/pages\/1012\/revisions\/1050"}],"wp:attachment":[{"href":"https:\/\/ringsport.hu\/index.php\/wp-json\/wp\/v2\/media?parent=1012"}],"curies":[{"name":"wp","href":"https:\/\/api.w.org\/{rel}","templated":true}]}}