{"id":213,"date":"2024-01-04T13:12:39","date_gmt":"2024-01-04T13:12:39","guid":{"rendered":"https:\/\/ringsport.hu\/?page_id=213"},"modified":"2024-02-02T12:49:57","modified_gmt":"2024-02-02T12:49:57","slug":"kezilabda","status":"publish","type":"page","link":"https:\/\/ringsport.hu\/index.php\/kezilabda\/","title":{"rendered":"K\u00e9zilabda"},"content":{"rendered":"\n[et_pb_section fb_built=&#8221;1&#8243; _builder_version=&#8221;4.23.4&#8243; _module_preset=&#8221;default&#8221; background_video_mp4=&#8221;https:\/\/ringsport.hu\/wp-content\/uploads\/2024\/01\/pixellot_prime___handball-1080p.mp4&#8243; global_colors_info=&#8221;{}&#8221;][et_pb_row _builder_version=&#8221;4.23.4&#8243; _module_preset=&#8221;default&#8221; background_color=&#8221;RGBA(255,255,255,0)&#8221; global_colors_info=&#8221;{}&#8221;][et_pb_column type=&#8221;4_4&#8243; _builder_version=&#8221;4.23.4&#8243; _module_preset=&#8221;default&#8221; global_colors_info=&#8221;{}&#8221;][et_pb_slider _builder_version=&#8221;4.24.0&#8243; _module_preset=&#8221;default&#8221; background_color=&#8221;RGBA(255,255,255,0)&#8221; hover_enabled=&#8221;0&#8243; global_colors_info=&#8221;{}&#8221; sticky_enabled=&#8221;0&#8243;][et_pb_slide button_text=&#8221;\u00cdrj nek\u00fcnk&#8221; _builder_version=&#8221;4.24.0&#8243; _module_preset=&#8221;default&#8221; hover_enabled=&#8221;0&#8243; global_colors_info=&#8221;{}&#8221; sticky_transition=&#8221;on&#8221; use_bg_overlay=&#8221;on&#8221; sticky_enabled=&#8221;0&#8243; heading=&#8221;R\u00d6GZ\u00cdTSE A K\u00c9ZILABDAMECCSEKET, AN\u00c9LK\u00dcL, HOGY KAMER\u00c1T TARTANA A KEZ\u00c9BEN!&#8221; header_level=&#8221;h1&#8243; header_font=&#8221;|700||on|||||&#8221; header_font_size=&#8221;60px&#8221; header_line_height=&#8221;1.1em&#8221; custom_button=&#8221;on&#8221; button_text_size=&#8221;20px&#8221; button_border_width=&#8221;2px&#8221; button_border_radius=&#8221;7px&#8221; button_font=&#8221;|700|||||||&#8221; button_use_icon=&#8221;off&#8221; button_link=&#8221;https:\/\/ringsport.hu\/index.php\/kapcsolat\/&#8221; header_text_align=&#8221;left&#8221;][\/et_pb_slide][\/et_pb_slider][\/et_pb_column][\/et_pb_row][\/et_pb_section][et_pb_section fb_built=&#8221;1&#8243; _builder_version=&#8221;4.23.4&#8243; _module_preset=&#8221;default&#8221; global_colors_info=&#8221;{}&#8221;][et_pb_row _builder_version=&#8221;4.23.4&#8243; _module_preset=&#8221;default&#8221; global_colors_info=&#8221;{}&#8221;][et_pb_column type=&#8221;4_4&#8243; _builder_version=&#8221;4.23.4&#8243; _module_preset=&#8221;default&#8221; global_colors_info=&#8221;{}&#8221;][et_pb_text _builder_version=&#8221;4.24.0&#8243; _module_preset=&#8221;default&#8221; hover_enabled=&#8221;0&#8243; global_colors_info=&#8221;{}&#8221; header_2_font=&#8221;|700||on|||||&#8221; header_2_font_size=&#8221;40px&#8221; header_2_line_height=&#8221;1.1em&#8221; sticky_enabled=&#8221;0&#8243; text_font_size=&#8221;16px&#8221; text_line_height=&#8221;1.3em&#8221;]<h2><strong>AI-AUTOMATIZ\u00c1LT TECHNOL\u00d3GIA<\/strong><\/h2>\n<p>A k\u00e9zilabda mostant\u00f3l nagyobb nyilv\u00e1noss\u00e1got \u00e9lvezhet a Pixellot AI automatiz\u00e1lt vide\u00f3- \u00e9s elemz\u00e9si megold\u00e1sainak k\u00f6sz\u00f6nhet\u0151en, egy speci\u00e1lisan a k\u00e9zilabd\u00e1hoz kifejlesztett algoritmusnak k\u00f6sz\u00f6nhet\u0151en. A Pixellot d\u00edjnyertes technol\u00f3gi\u00e1j\u00e1n alapul\u00f3, t\u00f6bb kamer\u00e1t haszn\u00e1l\u00f3 rendszer az eg\u00e9sz p\u00e1ly\u00e1t lefed\u0151, az \u00f6sszes akci\u00f3ra automatikusan r\u00e1k\u00f6zel\u00edt.<\/p>\n<p>A sportra tervezett algoritmusaink g\u00e9pi tanul\u00e1ssal folyamatosan jav\u00edtj\u00e1k az akci\u00f3 k\u00f6vet\u00e9s\u00e9nek m\u00f3dj\u00e1t, hogy mindig \u00fagy t\u0171nj\u00f6n, mintha egy profi st\u00e1b r\u00f6gz\u00edten\u00e9 a j\u00e1t\u00e9kot. A val\u00f3s\u00e1gban a szabadalmaztatott mesters\u00e9ges intelligenci\u00e1nk \u00e1ll az eg\u00e9sz m\u00f6g\u00f6tt, amely az \u00f6sszes akci\u00f3t k\u00e9zilabd\u00e1tk\u00f6vet\u0151 kamer\u00e1val r\u00f6gz\u00edti \u00e9s \u00e9l\u0151ben k\u00f6zvet\u00edti.<\/p>\n<h2><strong>K\u00d6ZVET\u00cdT\u00c9S \u00c9S bev\u00e9tel szerz\u00e9s<\/strong><\/h2>\n<p>Teljes k\u00f6r\u0171, v\u00e9gpontt\u00f3l v\u00e9gpontig tart\u00f3 megold\u00e1sunk \u00e9l\u0151 j\u00e1t\u00e9k\u00e9lm\u00e9nyt ny\u00fajt a szurkol\u00f3knak \u00e9s \u00f6sszek\u00f6ti \u0151ket kedvenc csapataikkal. Teljesen integr\u00e1lt OTT platformunk lehet\u0151v\u00e9 teszi, hogy saj\u00e1t csatorn\u00e1t hozzon l\u00e9tre \u00e9l\u0151 \u00e9s lek\u00e9rhet\u0151 streaminggel. Sz\u00e1mos opcion\u00e1lis csomagot tartalmaz, amelyeket be\u00e1ll\u00edthat a m\u00e9rk\u0151z\u00e9sek p\u00e9nzz\u00e9 t\u00e9tel\u00e9hez, p\u00e9ld\u00e1ul el\u0151fizet\u00e9sekhez vagy ak\u00e1r &#8222;pay per view&#8221;<\/p>\n<h2>A VIL\u00c1G LEGJOBB VIDE\u00d3 \u00c9S ANALITIKAI MEGOLD\u00c1SA<\/h2>\n<p>Az\u00e1ltal, hogy az automatikus vide\u00f3k\u00e9sz\u00edt\u00e9st integr\u00e1ljuk az elemz\u0151 \u00e9s j\u00e1t\u00e9kbont\u00f3 platformunkkal, garant\u00e1ljuk a leghat\u00e9konyabb edz\u0151i megold\u00e1sokat. Nem csoda, hogy a vil\u00e1g vezet\u0151 sz\u00f6vets\u00e9gei \u00e9s klubjai a Pixellot k\u00e9zilabda vide\u00f3elemz\u0151 \u00e9s elemz\u0151 szoftver\u00e9t haszn\u00e1lj\u00e1k a sportol\u00f3k \u00e9s csapatok teljes\u00edtm\u00e9ny\u00e9nek jav\u00edt\u00e1s\u00e1ra az edz\u00e9seken, a m\u00e9rk\u0151z\u00e9s alatt \u00e9s a m\u00e9rk\u0151z\u00e9s ut\u00e1n.<\/p>[\/et_pb_text][\/et_pb_column][\/et_pb_row][et_pb_row column_structure=&#8221;1_3,1_3,1_3&#8243; _builder_version=&#8221;4.24.0&#8243; _module_preset=&#8221;default&#8221; locked=&#8221;off&#8221; global_colors_info=&#8221;{}&#8221;][et_pb_column type=&#8221;1_3&#8243; _builder_version=&#8221;4.24.0&#8243; _module_preset=&#8221;default&#8221; global_colors_info=&#8221;{}&#8221;][et_pb_blurb title=&#8221;Cs\u00f6kken\u0151 a termel\u00e9si k\u00f6lts\u00e9gek&#8221; image=&#8221;https:\/\/ringsport.hu\/wp-content\/uploads\/2024\/01\/icon1.png&#8221; _builder_version=&#8221;4.24.0&#8243; _module_preset=&#8221;default&#8221; header_font=&#8221;|600|||||||&#8221; header_text_color=&#8221;#000000&#8243; body_text_color=&#8221;#000000&#8243; animation=&#8221;off&#8221; hover_enabled=&#8221;0&#8243; global_colors_info=&#8221;{}&#8221; sticky_enabled=&#8221;0&#8243;]<p>A Pixellot radik\u00e1lisan cs\u00f6kkenti a gy\u00e1rt\u00e1si k\u00f6lts\u00e9geket. Mostant\u00f3l a csapatok minden szinten k\u00e9pesek nagy felbont\u00e1s\u00fa vide\u00f3k\u00e9sz\u00edt\u00e9sre, valamint a m\u00e9rk\u0151z\u00e9sek \u00e9s edz\u00e9sek k\u00f6zvet\u00edt\u00e9s\u00e9re a szurkol\u00f3k, a csal\u00e1d, a bar\u00e1tok \u00e9s az edz\u0151i st\u00e1b sz\u00e1m\u00e1ra.<\/p>[\/et_pb_blurb][\/et_pb_column][et_pb_column type=&#8221;1_3&#8243; _builder_version=&#8221;4.24.0&#8243; _module_preset=&#8221;default&#8221; global_colors_info=&#8221;{}&#8221;][et_pb_blurb title=&#8221;Professzion\u00e1lis k\u00f6zvet\u00edt\u00e9s&#8221; image=&#8221;https:\/\/ringsport.hu\/wp-content\/uploads\/2024\/01\/icon2.png&#8221; _builder_version=&#8221;4.24.0&#8243; _module_preset=&#8221;default&#8221; header_font=&#8221;|600|||||||&#8221; header_text_color=&#8221;#000000&#8243; body_text_color=&#8221;#000000&#8243; animation=&#8221;off&#8221; hover_enabled=&#8221;0&#8243; global_colors_info=&#8221;{}&#8221; sticky_enabled=&#8221;0&#8243;]<p>A Pixellot telep\u00edtett vagy hordozhat\u00f3 t\u00f6bbkamer\u00e1s rendszerek HD \u00e9s panor\u00e1m\u00e1s \u00e9l\u0151 k\u00f6zvet\u00edt\u00e9seket biztos\u00edtanak, m\u00e9g gyenge megvil\u00e1g\u00edt\u00e1s \u00e9s alacsony s\u00e1vsz\u00e9less\u00e9g\u0171 internetkapcsolat eset\u00e9n is. A min\u0151s\u00e9gi vide\u00f3tartalom \u00e9s adatok k\u00f6z\u00e9 tartoznak a j\u00e1t\u00e9k k\u00f6zbeni eredm\u00e9nyjelz\u0151, statisztik\u00e1k, grafik\u00e1k \u00e9s bannerek stb.<\/p>[\/et_pb_blurb][\/et_pb_column][et_pb_column type=&#8221;1_3&#8243; _builder_version=&#8221;4.24.0&#8243; _module_preset=&#8221;default&#8221; global_colors_info=&#8221;{}&#8221;][et_pb_blurb title=&#8221;Szurkol\u00f3k bevon\u00e1sa&#8221; image=&#8221;https:\/\/ringsport.hu\/wp-content\/uploads\/2024\/01\/icon3.png&#8221; _builder_version=&#8221;4.24.0&#8243; _module_preset=&#8221;default&#8221; header_font=&#8221;|600|||||||&#8221; header_text_color=&#8221;#000000&#8243; body_text_color=&#8221;#000000&#8243; animation=&#8221;off&#8221; hover_enabled=&#8221;0&#8243; global_colors_info=&#8221;{}&#8221; sticky_enabled=&#8221;0&#8243;]<p>Tartsa a rajong\u00f3k elk\u00f6telezetts\u00e9g\u00e9t \u00e9s a rajong\u00f3i b\u00e1zist \u00e9rintetlen\u00fcl. A Pixellot alkalmaz\u00e1ssal k\u00f6nnyen l\u00e9trehozhat gazdag szem\u00e9lyes tartalmakat, p\u00e9ld\u00e1ul a m\u00e9rk\u0151z\u00e9sek \u00e9s a j\u00e1t\u00e9kosok kiemelt pillanatait. Ezek megoszthat\u00f3k a k\u00f6z\u00f6ss\u00e9gi m\u00e9di\u00e1ban, ami n\u00f6veli az elk\u00f6telezetts\u00e9get \u00e9s a n\u00e9pszer\u0171s\u00e9get.<\/p>[\/et_pb_blurb][\/et_pb_column][\/et_pb_row][\/et_pb_section][et_pb_section fb_built=&#8221;1&#8243; _builder_version=&#8221;4.24.0&#8243; _module_preset=&#8221;default&#8221; background_color=&#8221;rgba(0,0,0,0.11)&#8221; background_image=&#8221;https:\/\/ringsport.hu\/wp-content\/uploads\/2024\/01\/qanda.jpg&#8221; background_blend=&#8221;overlay&#8221; mix_blend_mode=&#8221;overlay&#8221; locked=&#8221;off&#8221; global_colors_info=&#8221;{}&#8221;][et_pb_row _builder_version=&#8221;4.24.0&#8243; _module_preset=&#8221;default&#8221; global_colors_info=&#8221;{}&#8221;][et_pb_column type=&#8221;4_4&#8243; _builder_version=&#8221;4.24.0&#8243; _module_preset=&#8221;default&#8221; global_colors_info=&#8221;{}&#8221;][et_pb_text _builder_version=&#8221;4.24.0&#8243; _module_preset=&#8221;default&#8221; text_font=&#8221;|||on|||||&#8221; header_2_font=&#8221;|700||on|||||&#8221; header_2_text_color=&#8221;#FFFFFF&#8221; header_2_font_size=&#8221;40px&#8221; text_orientation=&#8221;center&#8221; hover_enabled=&#8221;0&#8243; global_colors_info=&#8221;{}&#8221; sticky_enabled=&#8221;0&#8243;]<h2>Szeretne t\u00f6bbet megtudni a Pixellot k\u00e9zilabdakamer\u00e1r\u00f3l?<\/h2>[\/et_pb_text][et_pb_button button_url=&#8221;https:\/\/ringsport.hu\/index.php\/kapcsolat\/&#8221; button_text=&#8221;\u00cdrj nek\u00fcnk&#8221; button_alignment=&#8221;center&#8221; _builder_version=&#8221;4.24.0&#8243; _module_preset=&#8221;default&#8221; custom_button=&#8221;on&#8221; button_text_size=&#8221;20px&#8221; button_text_color=&#8221;#FFFFFF&#8221; button_border_radius=&#8221;7px&#8221; button_font=&#8221;|700|||||||&#8221; button_use_icon=&#8221;off&#8221; hover_enabled=&#8221;0&#8243; global_colors_info=&#8221;{}&#8221; sticky_enabled=&#8221;0&#8243;][\/et_pb_button][\/et_pb_column][\/et_pb_row][\/et_pb_section]\n","protected":false},"excerpt":{"rendered":"<p>AI-AUTOMATIZ\u00c1LT TECHNOL\u00d3GIA A k\u00e9zilabda mostant\u00f3l nagyobb nyilv\u00e1noss\u00e1got \u00e9lvezhet a Pixellot AI automatiz\u00e1lt vide\u00f3- \u00e9s elemz\u00e9si megold\u00e1sainak k\u00f6sz\u00f6nhet\u0151en, egy speci\u00e1lisan a k\u00e9zilabd\u00e1hoz kifejlesztett algoritmusnak k\u00f6sz\u00f6nhet\u0151en. A Pixellot d\u00edjnyertes technol\u00f3gi\u00e1j\u00e1n alapul\u00f3, t\u00f6bb kamer\u00e1t haszn\u00e1l\u00f3 rendszer az eg\u00e9sz p\u00e1ly\u00e1t lefed\u0151, az \u00f6sszes akci\u00f3ra automatikusan r\u00e1k\u00f6zel\u00edt. A sportra tervezett algoritmusaink g\u00e9pi tanul\u00e1ssal folyamatosan jav\u00edtj\u00e1k az akci\u00f3 k\u00f6vet\u00e9s\u00e9nek m\u00f3dj\u00e1t, hogy [&hellip;]<\/p>\n","protected":false},"author":2,"featured_media":0,"parent":0,"menu_order":0,"comment_status":"closed","ping_status":"closed","template":"","meta":{"_et_pb_use_builder":"on","_et_pb_old_content":"","_et_gb_content_width":"","footnotes":""},"class_list":["post-213","page","type-page","status-publish","hentry"],"yoast_head":"<!-- This site is optimized with the Yoast SEO Premium plugin v27.5 (Yoast SEO v27.5) - https:\/\/yoast.com\/product\/yoast-seo-premium-wordpress\/ -->\n<title>K\u00e9zilabda - RingSport<\/title>\n<meta name=\"description\" content=\"AI-AUTOMATIZ\u00c1LT TECHNOL\u00d3GIA - A k\u00e9zilabda mostant\u00f3l nagyobb nyilv\u00e1noss\u00e1got \u00e9lvezhet a Pixellot AI automatiz\u00e1lt vide\u00f3- \u00e9s elemz\u00e9si megold\u00e1sainak k\u00f6sz\u00f6nhet\u0151en, egy speci\u00e1lisan a k\u00e9zilabd\u00e1hoz kifejlesztett algoritmusnak k\u00f6sz\u00f6nhet\u0151en.\" \/>\n<meta name=\"robots\" content=\"index, follow, max-snippet:-1, max-image-preview:large, max-video-preview:-1\" \/>\n<link rel=\"canonical\" href=\"https:\/\/ringsport.hu\/index.php\/kezilabda\/\" \/>\n<meta property=\"og:locale\" content=\"hu_HU\" \/>\n<meta property=\"og:type\" content=\"article\" \/>\n<meta property=\"og:title\" content=\"K\u00e9zilabda\" \/>\n<meta property=\"og:description\" content=\"AI-AUTOMATIZ\u00c1LT TECHNOL\u00d3GIA - A k\u00e9zilabda mostant\u00f3l nagyobb nyilv\u00e1noss\u00e1got \u00e9lvezhet a Pixellot AI automatiz\u00e1lt vide\u00f3- \u00e9s elemz\u00e9si megold\u00e1sainak k\u00f6sz\u00f6nhet\u0151en, egy speci\u00e1lisan a k\u00e9zilabd\u00e1hoz kifejlesztett algoritmusnak k\u00f6sz\u00f6nhet\u0151en.\" \/>\n<meta property=\"og:url\" content=\"https:\/\/ringsport.hu\/index.php\/kezilabda\/\" \/>\n<meta property=\"og:site_name\" content=\"RingSport\" \/>\n<meta property=\"article:modified_time\" content=\"2024-02-02T12:49:57+00:00\" \/>\n<meta name=\"twitter:card\" content=\"summary_large_image\" \/>\n<meta name=\"twitter:label1\" content=\"Becs\u00fclt olvas\u00e1si id\u0151\" \/>\n\t<meta name=\"twitter:data1\" content=\"3 perc\" \/>\n<script type=\"application\/ld+json\" class=\"yoast-schema-graph\">{\"@context\":\"https:\\\/\\\/schema.org\",\"@graph\":[{\"@type\":\"WebPage\",\"@id\":\"https:\\\/\\\/ringsport.hu\\\/index.php\\\/kezilabda\\\/\",\"url\":\"https:\\\/\\\/ringsport.hu\\\/index.php\\\/kezilabda\\\/\",\"name\":\"K\u00e9zilabda - RingSport\",\"isPartOf\":{\"@id\":\"https:\\\/\\\/ringsport.hu\\\/#website\"},\"datePublished\":\"2024-01-04T13:12:39+00:00\",\"dateModified\":\"2024-02-02T12:49:57+00:00\",\"description\":\"AI-AUTOMATIZ\u00c1LT TECHNOL\u00d3GIA - A k\u00e9zilabda mostant\u00f3l nagyobb nyilv\u00e1noss\u00e1got \u00e9lvezhet a Pixellot AI automatiz\u00e1lt vide\u00f3- \u00e9s elemz\u00e9si megold\u00e1sainak k\u00f6sz\u00f6nhet\u0151en, egy speci\u00e1lisan a k\u00e9zilabd\u00e1hoz kifejlesztett algoritmusnak k\u00f6sz\u00f6nhet\u0151en.\",\"breadcrumb\":{\"@id\":\"https:\\\/\\\/ringsport.hu\\\/index.php\\\/kezilabda\\\/#breadcrumb\"},\"inLanguage\":\"hu\",\"potentialAction\":[{\"@type\":\"ReadAction\",\"target\":[\"https:\\\/\\\/ringsport.hu\\\/index.php\\\/kezilabda\\\/\"]}]},{\"@type\":\"BreadcrumbList\",\"@id\":\"https:\\\/\\\/ringsport.hu\\\/index.php\\\/kezilabda\\\/#breadcrumb\",\"itemListElement\":[{\"@type\":\"ListItem\",\"position\":1,\"name\":\"Kezd\u0151lap\",\"item\":\"https:\\\/\\\/ringsport.hu\\\/\"},{\"@type\":\"ListItem\",\"position\":2,\"name\":\"K\u00e9zilabda\"}]},{\"@type\":\"WebSite\",\"@id\":\"https:\\\/\\\/ringsport.hu\\\/#website\",\"url\":\"https:\\\/\\\/ringsport.hu\\\/\",\"name\":\"RingSport\",\"description\":\"AI-automatiz\u00e1lt sportkamera \u00e9s elemz\u00e9sek\",\"publisher\":{\"@id\":\"https:\\\/\\\/ringsport.hu\\\/#organization\"},\"potentialAction\":[{\"@type\":\"SearchAction\",\"target\":{\"@type\":\"EntryPoint\",\"urlTemplate\":\"https:\\\/\\\/ringsport.hu\\\/?s={search_term_string}\"},\"query-input\":{\"@type\":\"PropertyValueSpecification\",\"valueRequired\":true,\"valueName\":\"search_term_string\"}}],\"inLanguage\":\"hu\"},{\"@type\":\"Organization\",\"@id\":\"https:\\\/\\\/ringsport.hu\\\/#organization\",\"name\":\"RingSport\",\"url\":\"https:\\\/\\\/ringsport.hu\\\/\",\"logo\":{\"@type\":\"ImageObject\",\"inLanguage\":\"hu\",\"@id\":\"https:\\\/\\\/ringsport.hu\\\/#\\\/schema\\\/logo\\\/image\\\/\",\"url\":\"https:\\\/\\\/ringsport.hu\\\/wp-content\\\/uploads\\\/2024\\\/01\\\/RingSport-logo.png\",\"contentUrl\":\"https:\\\/\\\/ringsport.hu\\\/wp-content\\\/uploads\\\/2024\\\/01\\\/RingSport-logo.png\",\"width\":1567,\"height\":182,\"caption\":\"RingSport\"},\"image\":{\"@id\":\"https:\\\/\\\/ringsport.hu\\\/#\\\/schema\\\/logo\\\/image\\\/\"}}]}<\/script>\n<!-- \/ Yoast SEO Premium plugin. -->","yoast_head_json":{"title":"K\u00e9zilabda - RingSport","description":"AI-AUTOMATIZ\u00c1LT TECHNOL\u00d3GIA - A k\u00e9zilabda mostant\u00f3l nagyobb nyilv\u00e1noss\u00e1got \u00e9lvezhet a Pixellot AI automatiz\u00e1lt vide\u00f3- \u00e9s elemz\u00e9si megold\u00e1sainak k\u00f6sz\u00f6nhet\u0151en, egy speci\u00e1lisan a k\u00e9zilabd\u00e1hoz kifejlesztett algoritmusnak k\u00f6sz\u00f6nhet\u0151en.","robots":{"index":"index","follow":"follow","max-snippet":"max-snippet:-1","max-image-preview":"max-image-preview:large","max-video-preview":"max-video-preview:-1"},"canonical":"https:\/\/ringsport.hu\/index.php\/kezilabda\/","og_locale":"hu_HU","og_type":"article","og_title":"K\u00e9zilabda","og_description":"AI-AUTOMATIZ\u00c1LT TECHNOL\u00d3GIA - A k\u00e9zilabda mostant\u00f3l nagyobb nyilv\u00e1noss\u00e1got \u00e9lvezhet a Pixellot AI automatiz\u00e1lt vide\u00f3- \u00e9s elemz\u00e9si megold\u00e1sainak k\u00f6sz\u00f6nhet\u0151en, egy speci\u00e1lisan a k\u00e9zilabd\u00e1hoz kifejlesztett algoritmusnak k\u00f6sz\u00f6nhet\u0151en.","og_url":"https:\/\/ringsport.hu\/index.php\/kezilabda\/","og_site_name":"RingSport","article_modified_time":"2024-02-02T12:49:57+00:00","twitter_card":"summary_large_image","twitter_misc":{"Becs\u00fclt olvas\u00e1si id\u0151":"3 perc"},"schema":{"@context":"https:\/\/schema.org","@graph":[{"@type":"WebPage","@id":"https:\/\/ringsport.hu\/index.php\/kezilabda\/","url":"https:\/\/ringsport.hu\/index.php\/kezilabda\/","name":"K\u00e9zilabda - RingSport","isPartOf":{"@id":"https:\/\/ringsport.hu\/#website"},"datePublished":"2024-01-04T13:12:39+00:00","dateModified":"2024-02-02T12:49:57+00:00","description":"AI-AUTOMATIZ\u00c1LT TECHNOL\u00d3GIA - A k\u00e9zilabda mostant\u00f3l nagyobb nyilv\u00e1noss\u00e1got \u00e9lvezhet a Pixellot AI automatiz\u00e1lt vide\u00f3- \u00e9s elemz\u00e9si megold\u00e1sainak k\u00f6sz\u00f6nhet\u0151en, egy speci\u00e1lisan a k\u00e9zilabd\u00e1hoz kifejlesztett algoritmusnak k\u00f6sz\u00f6nhet\u0151en.","breadcrumb":{"@id":"https:\/\/ringsport.hu\/index.php\/kezilabda\/#breadcrumb"},"inLanguage":"hu","potentialAction":[{"@type":"ReadAction","target":["https:\/\/ringsport.hu\/index.php\/kezilabda\/"]}]},{"@type":"BreadcrumbList","@id":"https:\/\/ringsport.hu\/index.php\/kezilabda\/#breadcrumb","itemListElement":[{"@type":"ListItem","position":1,"name":"Kezd\u0151lap","item":"https:\/\/ringsport.hu\/"},{"@type":"ListItem","position":2,"name":"K\u00e9zilabda"}]},{"@type":"WebSite","@id":"https:\/\/ringsport.hu\/#website","url":"https:\/\/ringsport.hu\/","name":"RingSport","description":"AI-automatiz\u00e1lt sportkamera \u00e9s elemz\u00e9sek","publisher":{"@id":"https:\/\/ringsport.hu\/#organization"},"potentialAction":[{"@type":"SearchAction","target":{"@type":"EntryPoint","urlTemplate":"https:\/\/ringsport.hu\/?s={search_term_string}"},"query-input":{"@type":"PropertyValueSpecification","valueRequired":true,"valueName":"search_term_string"}}],"inLanguage":"hu"},{"@type":"Organization","@id":"https:\/\/ringsport.hu\/#organization","name":"RingSport","url":"https:\/\/ringsport.hu\/","logo":{"@type":"ImageObject","inLanguage":"hu","@id":"https:\/\/ringsport.hu\/#\/schema\/logo\/image\/","url":"https:\/\/ringsport.hu\/wp-content\/uploads\/2024\/01\/RingSport-logo.png","contentUrl":"https:\/\/ringsport.hu\/wp-content\/uploads\/2024\/01\/RingSport-logo.png","width":1567,"height":182,"caption":"RingSport"},"image":{"@id":"https:\/\/ringsport.hu\/#\/schema\/logo\/image\/"}}]}},"_links":{"self":[{"href":"https:\/\/ringsport.hu\/index.php\/wp-json\/wp\/v2\/pages\/213","targetHints":{"allow":["GET"]}}],"collection":[{"href":"https:\/\/ringsport.hu\/index.php\/wp-json\/wp\/v2\/pages"}],"about":[{"href":"https:\/\/ringsport.hu\/index.php\/wp-json\/wp\/v2\/types\/page"}],"author":[{"embeddable":true,"href":"https:\/\/ringsport.hu\/index.php\/wp-json\/wp\/v2\/users\/2"}],"replies":[{"embeddable":true,"href":"https:\/\/ringsport.hu\/index.php\/wp-json\/wp\/v2\/comments?post=213"}],"version-history":[{"count":13,"href":"https:\/\/ringsport.hu\/index.php\/wp-json\/wp\/v2\/pages\/213\/revisions"}],"predecessor-version":[{"id":751,"href":"https:\/\/ringsport.hu\/index.php\/wp-json\/wp\/v2\/pages\/213\/revisions\/751"}],"wp:attachment":[{"href":"https:\/\/ringsport.hu\/index.php\/wp-json\/wp\/v2\/media?parent=213"}],"curies":[{"name":"wp","href":"https:\/\/api.w.org\/{rel}","templated":true}]}}