{"id":58,"date":"2024-01-03T12:12:36","date_gmt":"2024-01-03T12:12:36","guid":{"rendered":"https:\/\/ringsport.hu\/?page_id=58"},"modified":"2024-06-03T09:53:37","modified_gmt":"2024-06-03T09:53:37","slug":"ceginformaciok","status":"publish","type":"page","link":"https:\/\/ringsport.hu\/index.php\/ceginformaciok\/","title":{"rendered":"C\u00e9ginform\u00e1ci\u00f3k"},"content":{"rendered":"<p>[et_pb_section fb_built=&#8221;1&#8243; _builder_version=&#8221;4.23.4&#8243; _module_preset=&#8221;default&#8221; global_colors_info=&#8221;{}&#8221;][et_pb_row _builder_version=&#8221;4.23.4&#8243; _module_preset=&#8221;default&#8221; global_colors_info=&#8221;{}&#8221;][et_pb_column type=&#8221;4_4&#8243; _builder_version=&#8221;4.23.4&#8243; _module_preset=&#8221;default&#8221; global_colors_info=&#8221;{}&#8221;][et_pb_text _builder_version=&#8221;4.25.1&#8243; _module_preset=&#8221;default&#8221; hover_enabled=&#8221;0&#8243; global_colors_info=&#8221;{}&#8221; sticky_enabled=&#8221;0&#8243;]<\/p>\n<h2><strong>C\u00e9ginform\u00e1ci\u00f3k:<\/strong><\/h2>\n<p><strong>C\u00e9gn\u00e9v:<\/strong><span>\u00a0Ring-NET Rendszerintegr\u00e1tor Zrt.<\/span><br \/><strong>Sz\u00e9khely:<\/strong><span>\u00a01024 Budapest, Kis R\u00f3kus utca 17-19.<\/span><br \/><strong>Telefon:<\/strong><span>\u00a0+36 1 212 5875<\/span><br \/><strong>E-mail:<\/strong><span> \u200binfo@ringsport.hu<\/span><br \/><strong>Bejegyz\u0151 hat\u00f3s\u00e1g:<\/strong><span>\u00a0F\u0151v\u00e1rosi B\u00edr\u00f3s\u00e1g mint C\u00e9gb\u00edr\u00f3s\u00e1g<\/span><br \/><strong>C\u00e9gjegyz\u00e9ksz\u00e1m:<span>\u00a0<\/span><\/strong><span>01-10-047051<\/span><br \/><strong>Ad\u00f3sz\u00e1m:<span>\u00a0<\/span><\/strong><span>23366129-2-41<\/span><\/p>\n<p>&nbsp;<\/p>\n<p>[\/et_pb_text][\/et_pb_column][\/et_pb_row][\/et_pb_section]<\/p>\n","protected":false},"excerpt":{"rendered":"<p>C\u00e9ginform\u00e1ci\u00f3k: C\u00e9gn\u00e9v:\u00a0Ring-NET Rendszerintegr\u00e1tor Zrt.Sz\u00e9khely:\u00a01024 Budapest, Kis R\u00f3kus utca 17-19.Telefon:\u00a0+36 1 212 5875E-mail: \u200binfo@ringsport.huBejegyz\u0151 hat\u00f3s\u00e1g:\u00a0F\u0151v\u00e1rosi B\u00edr\u00f3s\u00e1g mint C\u00e9gb\u00edr\u00f3s\u00e1gC\u00e9gjegyz\u00e9ksz\u00e1m:\u00a001-10-047051Ad\u00f3sz\u00e1m:\u00a023366129-2-41 &nbsp;<\/p>\n","protected":false},"author":2,"featured_media":0,"parent":0,"menu_order":0,"comment_status":"closed","ping_status":"closed","template":"","meta":{"_et_pb_use_builder":"on","_et_pb_old_content":"","_et_gb_content_width":"","footnotes":""},"class_list":["post-58","page","type-page","status-publish","hentry"],"yoast_head":"<!-- This site is optimized with the Yoast SEO Premium plugin v27.5 (Yoast SEO v27.5) - https:\/\/yoast.com\/product\/yoast-seo-premium-wordpress\/ -->\n<title>C\u00e9ginform\u00e1ci\u00f3k - RingSport<\/title>\n<meta name=\"description\" content=\"Ring-Net c\u00e9ginform\u00e1ci\u00f3k\" \/>\n<meta name=\"robots\" content=\"index, follow, max-snippet:-1, max-image-preview:large, max-video-preview:-1\" \/>\n<link rel=\"canonical\" href=\"https:\/\/ringsport.hu\/index.php\/ceginformaciok\/\" \/>\n<meta property=\"og:locale\" content=\"hu_HU\" \/>\n<meta property=\"og:type\" content=\"article\" \/>\n<meta property=\"og:title\" content=\"C\u00e9ginform\u00e1ci\u00f3k\" \/>\n<meta property=\"og:description\" content=\"Ring-Net c\u00e9ginform\u00e1ci\u00f3k\" \/>\n<meta property=\"og:url\" content=\"https:\/\/ringsport.hu\/index.php\/ceginformaciok\/\" \/>\n<meta property=\"og:site_name\" content=\"RingSport\" \/>\n<meta property=\"article:modified_time\" content=\"2024-06-03T09:53:37+00:00\" \/>\n<meta name=\"twitter:card\" content=\"summary_large_image\" \/>\n<meta name=\"twitter:label1\" content=\"Becs\u00fclt olvas\u00e1si id\u0151\" \/>\n\t<meta name=\"twitter:data1\" content=\"1 perc\" \/>\n<script type=\"application\/ld+json\" class=\"yoast-schema-graph\">{\"@context\":\"https:\\\/\\\/schema.org\",\"@graph\":[{\"@type\":\"WebPage\",\"@id\":\"https:\\\/\\\/ringsport.hu\\\/index.php\\\/ceginformaciok\\\/\",\"url\":\"https:\\\/\\\/ringsport.hu\\\/index.php\\\/ceginformaciok\\\/\",\"name\":\"C\u00e9ginform\u00e1ci\u00f3k - RingSport\",\"isPartOf\":{\"@id\":\"https:\\\/\\\/ringsport.hu\\\/#website\"},\"datePublished\":\"2024-01-03T12:12:36+00:00\",\"dateModified\":\"2024-06-03T09:53:37+00:00\",\"description\":\"Ring-Net c\u00e9ginform\u00e1ci\u00f3k\",\"breadcrumb\":{\"@id\":\"https:\\\/\\\/ringsport.hu\\\/index.php\\\/ceginformaciok\\\/#breadcrumb\"},\"inLanguage\":\"hu\",\"potentialAction\":[{\"@type\":\"ReadAction\",\"target\":[\"https:\\\/\\\/ringsport.hu\\\/index.php\\\/ceginformaciok\\\/\"]}]},{\"@type\":\"BreadcrumbList\",\"@id\":\"https:\\\/\\\/ringsport.hu\\\/index.php\\\/ceginformaciok\\\/#breadcrumb\",\"itemListElement\":[{\"@type\":\"ListItem\",\"position\":1,\"name\":\"Kezd\u0151lap\",\"item\":\"https:\\\/\\\/ringsport.hu\\\/\"},{\"@type\":\"ListItem\",\"position\":2,\"name\":\"C\u00e9ginform\u00e1ci\u00f3k\"}]},{\"@type\":\"WebSite\",\"@id\":\"https:\\\/\\\/ringsport.hu\\\/#website\",\"url\":\"https:\\\/\\\/ringsport.hu\\\/\",\"name\":\"RingSport\",\"description\":\"AI-automatiz\u00e1lt sportkamera \u00e9s elemz\u00e9sek\",\"publisher\":{\"@id\":\"https:\\\/\\\/ringsport.hu\\\/#organization\"},\"potentialAction\":[{\"@type\":\"SearchAction\",\"target\":{\"@type\":\"EntryPoint\",\"urlTemplate\":\"https:\\\/\\\/ringsport.hu\\\/?s={search_term_string}\"},\"query-input\":{\"@type\":\"PropertyValueSpecification\",\"valueRequired\":true,\"valueName\":\"search_term_string\"}}],\"inLanguage\":\"hu\"},{\"@type\":\"Organization\",\"@id\":\"https:\\\/\\\/ringsport.hu\\\/#organization\",\"name\":\"RingSport\",\"url\":\"https:\\\/\\\/ringsport.hu\\\/\",\"logo\":{\"@type\":\"ImageObject\",\"inLanguage\":\"hu\",\"@id\":\"https:\\\/\\\/ringsport.hu\\\/#\\\/schema\\\/logo\\\/image\\\/\",\"url\":\"https:\\\/\\\/ringsport.hu\\\/wp-content\\\/uploads\\\/2024\\\/01\\\/RingSport-logo.png\",\"contentUrl\":\"https:\\\/\\\/ringsport.hu\\\/wp-content\\\/uploads\\\/2024\\\/01\\\/RingSport-logo.png\",\"width\":1567,\"height\":182,\"caption\":\"RingSport\"},\"image\":{\"@id\":\"https:\\\/\\\/ringsport.hu\\\/#\\\/schema\\\/logo\\\/image\\\/\"}}]}<\/script>\n<!-- \/ Yoast SEO Premium plugin. -->","yoast_head_json":{"title":"C\u00e9ginform\u00e1ci\u00f3k - RingSport","description":"Ring-Net c\u00e9ginform\u00e1ci\u00f3k","robots":{"index":"index","follow":"follow","max-snippet":"max-snippet:-1","max-image-preview":"max-image-preview:large","max-video-preview":"max-video-preview:-1"},"canonical":"https:\/\/ringsport.hu\/index.php\/ceginformaciok\/","og_locale":"hu_HU","og_type":"article","og_title":"C\u00e9ginform\u00e1ci\u00f3k","og_description":"Ring-Net c\u00e9ginform\u00e1ci\u00f3k","og_url":"https:\/\/ringsport.hu\/index.php\/ceginformaciok\/","og_site_name":"RingSport","article_modified_time":"2024-06-03T09:53:37+00:00","twitter_card":"summary_large_image","twitter_misc":{"Becs\u00fclt olvas\u00e1si id\u0151":"1 perc"},"schema":{"@context":"https:\/\/schema.org","@graph":[{"@type":"WebPage","@id":"https:\/\/ringsport.hu\/index.php\/ceginformaciok\/","url":"https:\/\/ringsport.hu\/index.php\/ceginformaciok\/","name":"C\u00e9ginform\u00e1ci\u00f3k - RingSport","isPartOf":{"@id":"https:\/\/ringsport.hu\/#website"},"datePublished":"2024-01-03T12:12:36+00:00","dateModified":"2024-06-03T09:53:37+00:00","description":"Ring-Net c\u00e9ginform\u00e1ci\u00f3k","breadcrumb":{"@id":"https:\/\/ringsport.hu\/index.php\/ceginformaciok\/#breadcrumb"},"inLanguage":"hu","potentialAction":[{"@type":"ReadAction","target":["https:\/\/ringsport.hu\/index.php\/ceginformaciok\/"]}]},{"@type":"BreadcrumbList","@id":"https:\/\/ringsport.hu\/index.php\/ceginformaciok\/#breadcrumb","itemListElement":[{"@type":"ListItem","position":1,"name":"Kezd\u0151lap","item":"https:\/\/ringsport.hu\/"},{"@type":"ListItem","position":2,"name":"C\u00e9ginform\u00e1ci\u00f3k"}]},{"@type":"WebSite","@id":"https:\/\/ringsport.hu\/#website","url":"https:\/\/ringsport.hu\/","name":"RingSport","description":"AI-automatiz\u00e1lt sportkamera \u00e9s elemz\u00e9sek","publisher":{"@id":"https:\/\/ringsport.hu\/#organization"},"potentialAction":[{"@type":"SearchAction","target":{"@type":"EntryPoint","urlTemplate":"https:\/\/ringsport.hu\/?s={search_term_string}"},"query-input":{"@type":"PropertyValueSpecification","valueRequired":true,"valueName":"search_term_string"}}],"inLanguage":"hu"},{"@type":"Organization","@id":"https:\/\/ringsport.hu\/#organization","name":"RingSport","url":"https:\/\/ringsport.hu\/","logo":{"@type":"ImageObject","inLanguage":"hu","@id":"https:\/\/ringsport.hu\/#\/schema\/logo\/image\/","url":"https:\/\/ringsport.hu\/wp-content\/uploads\/2024\/01\/RingSport-logo.png","contentUrl":"https:\/\/ringsport.hu\/wp-content\/uploads\/2024\/01\/RingSport-logo.png","width":1567,"height":182,"caption":"RingSport"},"image":{"@id":"https:\/\/ringsport.hu\/#\/schema\/logo\/image\/"}}]}},"_links":{"self":[{"href":"https:\/\/ringsport.hu\/index.php\/wp-json\/wp\/v2\/pages\/58","targetHints":{"allow":["GET"]}}],"collection":[{"href":"https:\/\/ringsport.hu\/index.php\/wp-json\/wp\/v2\/pages"}],"about":[{"href":"https:\/\/ringsport.hu\/index.php\/wp-json\/wp\/v2\/types\/page"}],"author":[{"embeddable":true,"href":"https:\/\/ringsport.hu\/index.php\/wp-json\/wp\/v2\/users\/2"}],"replies":[{"embeddable":true,"href":"https:\/\/ringsport.hu\/index.php\/wp-json\/wp\/v2\/comments?post=58"}],"version-history":[{"count":5,"href":"https:\/\/ringsport.hu\/index.php\/wp-json\/wp\/v2\/pages\/58\/revisions"}],"predecessor-version":[{"id":901,"href":"https:\/\/ringsport.hu\/index.php\/wp-json\/wp\/v2\/pages\/58\/revisions\/901"}],"wp:attachment":[{"href":"https:\/\/ringsport.hu\/index.php\/wp-json\/wp\/v2\/media?parent=58"}],"curies":[{"name":"wp","href":"https:\/\/api.w.org\/{rel}","templated":true}]}}