{"id":796,"date":"2024-03-04T09:06:28","date_gmt":"2024-03-04T09:06:28","guid":{"rendered":"https:\/\/ringsport.hu\/?page_id=796"},"modified":"2024-03-05T08:22:21","modified_gmt":"2024-03-05T08:22:21","slug":"796-2","status":"publish","type":"page","link":"https:\/\/ringsport.hu\/index.php\/796-2\/","title":{"rendered":"FPF Portul\u00e1l Labdar\u00fag\u00e1s"},"content":{"rendered":"<p>[et_pb_section fb_built=&#8221;1&#8243; _builder_version=&#8221;4.24.2&#8243; _module_preset=&#8221;default&#8221; background_image=&#8221;https:\/\/ringsport.hu\/wp-content\/uploads\/2024\/03\/FPF_BLOG_1920.jpg&#8221; height=&#8221;500px&#8221; global_colors_info=&#8221;{}&#8221;][et_pb_row _builder_version=&#8221;4.24.2&#8243; _module_preset=&#8221;default&#8221; background_color=&#8221;RGBA(255,255,255,0)&#8221; global_colors_info=&#8221;{}&#8221;][et_pb_column type=&#8221;4_4&#8243; _builder_version=&#8221;4.24.2&#8243; _module_preset=&#8221;default&#8221; background_color=&#8221;rgba(0,0,0,0.13)&#8221; global_colors_info=&#8221;{}&#8221;][et_pb_slider _builder_version=&#8221;4.24.2&#8243; _module_preset=&#8221;default&#8221; header_level=&#8221;h1&#8243; header_font=&#8221;|700||on|||||&#8221; header_font_size=&#8221;50px&#8221; background_color=&#8221;RGBA(255,255,255,0)&#8221; global_colors_info=&#8221;{}&#8221;][et_pb_slide heading=&#8221;A DIGIT\u00c1LIS \u00c1TALAKUL\u00c1S \u00c9LHARCOSA: A PORTUG\u00c1L LABDAR\u00daG\u00d3-SZ\u00d6VETS\u00c9G (FPF)&#8221; _builder_version=&#8221;4.24.2&#8243; _module_preset=&#8221;default&#8221; header_text_align=&#8221;left&#8221; background_color=&#8221;RGBA(255,255,255,0)&#8221; background_enable_color=&#8221;on&#8221; custom_padding=&#8221;70px||||false|false&#8221; global_colors_info=&#8221;{}&#8221; sticky_transition=&#8221;on&#8221;][\/et_pb_slide][\/et_pb_slider][\/et_pb_column][\/et_pb_row][\/et_pb_section][et_pb_section fb_built=&#8221;1&#8243; _builder_version=&#8221;4.24.2&#8243; _module_preset=&#8221;default&#8221; global_colors_info=&#8221;{}&#8221;][et_pb_row _builder_version=&#8221;4.24.2&#8243; _module_preset=&#8221;default&#8221; global_colors_info=&#8221;{}&#8221;][et_pb_column type=&#8221;4_4&#8243; _builder_version=&#8221;4.24.2&#8243; _module_preset=&#8221;default&#8221; global_colors_info=&#8221;{}&#8221;][et_pb_text _builder_version=&#8221;4.24.2&#8243; _module_preset=&#8221;default&#8221; text_font_size=&#8221;16px&#8221; header_2_font=&#8221;|700||on|||||&#8221; global_colors_info=&#8221;{}&#8221;]<\/p>\n<h2>BEVEZET\u00c9S:<\/h2>\n<p>Ez a tanulm\u00e1ny bemutatja, hogyan dolgoznak egy\u00fctt a FPF \u00e9s a Pixellot a Portug\u00e1l Labdar\u00fag\u00f3-sz\u00f6vets\u00e9g (FPF) 2030-as projektj\u00e9nek v\u00e9grehajt\u00e1s\u00e1ban. A FPF el\u0151remutat\u00f3 megk\u00f6zel\u00edt\u00e9st mutatott az\u00e1ltal, hogy partners\u00e9get k\u00f6t\u00f6tt a Pixellottal, hogy digit\u00e1lisan \u00e1talak\u00edtsa 5 bajnoks\u00e1g\u00e1t. Ez egy \u00fatmutat\u00f3 a j\u00f6v\u0151 labdar\u00fag\u00e1s\u00e1nak digit\u00e1lis \u00e1talak\u00edt\u00e1s\u00e1hoz, azzal a c\u00e9llal, hogy mindenki sz\u00e1m\u00e1ra hozz\u00e1f\u00e9rhet\u0151bb\u00e9, befogad\u00f3bb\u00e1 \u00e9s vonz\u00f3bb\u00e1 tegye azt.<\/p>\n<p>[\/et_pb_text][et_pb_text _builder_version=&#8221;4.24.2&#8243; _module_preset=&#8221;default&#8221; text_font_size=&#8221;16px&#8221; header_2_font=&#8221;|700||on|||||&#8221; locked=&#8221;off&#8221; global_colors_info=&#8221;{}&#8221;]<\/p>\n<h2>H\u00c1TT\u00c9R:<\/h2>\n<p>A Portug\u00e1l Labdar\u00fag\u00f3-sz\u00f6vets\u00e9g (FPF) Portug\u00e1lia labdar\u00fag\u00e1s\u00e1nak ir\u00e1ny\u00edt\u00f3 szerve. H\u00edres arr\u00f3l, hogy sikeresen neveli a legjobb labdar\u00fag\u00f3 tehets\u00e9geket, mint p\u00e9ld\u00e1ul Cristiano Ronaldo \u00e9s Eus\u00e9bio, a sz\u00f6vets\u00e9g fel\u00fcgyeli a nemzeti labdar\u00fag\u00f3 csapatokat, a profi bajnoks\u00e1gokat \u00e9s az alapvet\u0151 fejleszt\u00e9seket, biztos\u00edtva a sport n\u00f6veked\u00e9s\u00e9t \u00e9s fenntarthat\u00f3s\u00e1g\u00e1t az orsz\u00e1g minden szintj\u00e9n.<\/p>\n<p>[\/et_pb_text][et_pb_text _builder_version=&#8221;4.24.2&#8243; _module_preset=&#8221;default&#8221; text_font_size=&#8221;16px&#8221; header_2_font=&#8221;|700||on|||||&#8221; custom_padding=&#8221;0px|||||&#8221; locked=&#8221;off&#8221; global_colors_info=&#8221;{}&#8221;]<\/p>\n<h2>KIH\u00cdV\u00c1S:<\/h2>\n<p>A FPF-t elismerik az innovat\u00edv megk\u00f6zel\u00edt\u00e9s\u00e9\u00e9rt, amely a digit\u00e1lis technol\u00f3gia fel\u00e9 t\u00f6rt\u00e9n\u0151 nyit\u00e1st c\u00e9lozza meg annak \u00e9rdek\u00e9ben, hogy el\u0151rel\u00e9pjen a sportban, amint azt a nagyra t\u00f6r\u0151 2030-as projektje is mutatja. Strat\u00e9giai partners\u00e9gek \u00e9s kezdem\u00e9nyez\u00e9sek r\u00e9v\u00e9n a FPF a portug\u00e1l labdar\u00fag\u00e1s f\u00e9nyes j\u00f6v\u0151j\u00e9t k\u00edv\u00e1nja el\u0151seg\u00edteni, hogy az mindenki sz\u00e1m\u00e1ra befogad\u00f3bb\u00e1, versenyk\u00e9pesebb\u00e9 \u00e9s \u00e9lvezetesebb\u00e9 v\u00e1ljon.<\/p>\n<p>A FPF a hagyom\u00e1nyos hat\u00e1rokat szerette volna \u00e1tl\u00e9pni:<\/p>\n<ol>\n<li>A n\u0151i labdar\u00fag\u00e1st egy nagyobb sz\u00ednpadra emelni.<\/li>\n<li>A fiatal tehets\u00e9geket az U15-t\u0151l az U23-ig nevelni, hogy jobban felk\u00e9sz\u00edts\u00e9k \u0151ket a profi labdar\u00fag\u00e1s versenyk\u00e9pes vil\u00e1g\u00e1ra.<\/li>\n<li>A teljes\u00edtm\u00e9nyelemz\u00e9st tov\u00e1bbfejleszteni a legkorszer\u0171bb technol\u00f3gi\u00e1val.<\/li>\n<li>A szurkol\u00f3i elk\u00f6telezetts\u00e9get fokozni, hogy Portug\u00e1li\u00e1ban \u00e9s azon t\u00fal is lend\u00fcletet adjon a lelkesed\u00e9snek.<\/li>\n<\/ol>\n<p>[\/et_pb_text][et_pb_text _builder_version=&#8221;4.24.2&#8243; _module_preset=&#8221;default&#8221; text_font_size=&#8221;16px&#8221; header_2_font=&#8221;|700||on|||||&#8221; locked=&#8221;off&#8221; global_colors_info=&#8221;{}&#8221;]<\/p>\n<h2>MEGOLD\u00c1S:<\/h2>\n<p>2023-ban a FPF \u00e9s a Pixellot strat\u00e9giai partners\u00e9get k\u00f6t\u00f6tt, hogy t\u00f6bb mint 75 AI-kamerarendszert telep\u00edtsenek az orsz\u00e1g k\u00fcl\u00f6nb\u00f6z\u0151 helysz\u00edneire. A partners\u00e9g mag\u00e1ban foglalja a Pixellot egyedi rendszereinek biztos\u00edt\u00e1s\u00e1t, amelyek mind m\u00e9dia-, mind edz\u00e9s- \u00e9s analitikai c\u00e9lokat szolg\u00e1lnak ugyanazon esem\u00e9nyen bel\u00fcl.<\/p>\n<p>Csak n\u00e9h\u00e1ny h\u00e9t munka \u00e9s tesztel\u00e9s ut\u00e1n elindult a Canal 11 &#8211; egy vadonat\u00faj, k\u00f6zvetlen fogyaszt\u00f3knak (DTC) sz\u00e1nt el\u0151fizet\u00e9ses streaming szolg\u00e1ltat\u00e1s. A platformot \u00e9s a streaming alkalmaz\u00e1st a Pixellot er\u0151teljes saj\u00e1t m\u00e1rk\u00e1s OTT sportstreaming platformj\u00e1val hozt\u00e1k l\u00e9tre.<\/p>\n<p>A szabadon foghat\u00f3 csatorna \u00e9l\u0151ben k\u00f6zvet\u00edti a Pixellot \u00e1ltal automatikusan el\u0151\u00e1ll\u00edtott 5 bajnoks\u00e1got &#8211; 3 labdar\u00fag\u00f3 \u00e9s 2 futsal bajnoks\u00e1got.<\/p>\n<p>A Pixellot innovat\u00edv megold\u00e1sai kataliz\u00e1tork\u00e9nt szolg\u00e1lnak a FPF c\u00e9ljainak megval\u00f3s\u00edt\u00e1s\u00e1ban:<\/p>\n<p><strong>N\u0151i m\u00e9rk\u0151z\u00e9sek:<\/strong><\/p>\n<p>A Pixellot technol\u00f3gi\u00e1ja seg\u00edt a n\u0151i bajnoks\u00e1gok k\u00f6z\u00f6ns\u00e9g\u00e9nek kisz\u00e9les\u00edt\u00e9s\u00e9ben. Az els\u0151 szakaszban az els\u0151 N\u0151i Liga (Liga BPI) \u00e9s az els\u0151 N\u0151i Futsal Liga (Liga Feminina Placard) minden m\u00e9rk\u0151z\u00e9s\u00e9nek felv\u00e9tele, el\u0151\u00e1ll\u00edt\u00e1sa \u00e9s streamel\u00e9se a FPF OTT platformj\u00e1n.<\/p>\n<p><strong>J\u00e1t\u00e9kosfejleszt\u00e9s:<\/strong><\/p>\n<p>A Pixellot technol\u00f3gi\u00e1ja alapvet\u0151 fontoss\u00e1g\u00fa a FPF ifj\u00fas\u00e1gi fejleszt\u00e9si programj\u00e1ban. A Liga 3-ban \u00e9s a F\u00e9rfi U23 Liga (Liga Revela\u00e7\u00e3o) sz\u00e1z\u00e1val meg\u00f6r\u00f6k\u00edtett m\u00e9rk\u0151z\u00e9seivel a Pixellot \u00e9rt\u00e9kes videofelv\u00e9teleket \u00e9s analitik\u00e1t gener\u00e1l elemz\u00e9shez, scoutinghoz \u00e9s visszajelz\u00e9shez.<\/p>\n<p><strong>Teljes\u00edtm\u00e9nyelemz\u00e9s:<\/strong><\/p>\n<p>A Pixellot kamer\u00e1inak \u00e9s szoftver\u00e9nek integr\u00e1l\u00e1sa a tr\u00e9ningmunk\u00e1k r\u00f6gz\u00edt\u00e9s\u00e9hez \u00e9s az esem\u00e9nyek automatikus c\u00edmk\u00e9z\u00e9s\u00e9hez jelent\u0151sen jav\u00edtotta a FPF teljes\u00edtm\u00e9nyelemz\u00e9si k\u00e9pess\u00e9geit az ifj\u00fas\u00e1gi \u00e9s felt\u00f6rekv\u0151 bajnoks\u00e1gokban.<\/p>\n<p><strong>Szurkol\u00f3i elk\u00f6telezetts\u00e9g:<\/strong><\/p>\n<p>A Pixellot saj\u00e1t m\u00e1rk\u00e1s OTT platformja nem csup\u00e1n egy ablak k\u00fcl\u00f6nb\u00f6z\u0151 labdar\u00fag\u00f3 bajnoks\u00e1gokhoz, hanem egy kapu egy gazdagabb, elk\u00f6telez\u0151 labdar\u00fag\u00f3 narrat\u00edv\u00e1hoz a szerkeszt\u0151i \u00e9s k\u00fcls\u0151 tartalom \u00e1ltal. Minden felhaszn\u00e1l\u00f3nak, aki hozz\u00e1f\u00e9rni szeretne a tartalomhoz, regisztr\u00e1lnia kell, ezzel \u00faj szurkol\u00f3i adatb\u00e1zist hozva l\u00e9tre.<\/p>\n<p>[\/et_pb_text][et_pb_image src=&#8221;https:\/\/ringsport.hu\/wp-content\/uploads\/2024\/03\/Portuguese-Football-Federation-Testimonial.webp&#8221; alt=&#8221;Portuguese Football Federation&#8221; title_text=&#8221;Portuguese-Football-Federation-Testimonial&#8221; align=&#8221;center&#8221; _builder_version=&#8221;4.24.2&#8243; _module_preset=&#8221;default&#8221; global_colors_info=&#8221;{}&#8221;][\/et_pb_image][et_pb_text _builder_version=&#8221;4.24.2&#8243; _module_preset=&#8221;default&#8221; text_font_size=&#8221;16px&#8221; header_2_font=&#8221;|700||on|||||&#8221; locked=&#8221;off&#8221; global_colors_info=&#8221;{}&#8221;]<\/p>\n<h2>HAT\u00c1S:<\/h2>\n<p>Ez az egy\u00fcttm\u0171k\u00f6d\u00e9s egy \u00fatt\u00f6r\u0151 projekt, amely megmutatja a digit\u00e1lis \u00e1talakul\u00e1s k\u00e9zzelfoghat\u00f3 el\u0151nyeit:<\/p>\n<ol>\n<li>A n\u0151i \u00e9s ifj\u00fas\u00e1gi labdar\u00fag\u00e1s l\u00e1that\u00f3s\u00e1g\u00e1nak \u00e9s hozz\u00e1f\u00e9rhet\u0151s\u00e9g\u00e9nek n\u00f6vel\u00e9se.<\/li>\n<li>Forradalmi fejl\u0151d\u00e9s a j\u00e1t\u00e9kos \u00e9s edz\u0151fejleszt\u00e9s ter\u00e9n a teljes\u00edtm\u00e9nyelemz\u00e9s kvantumugr\u00e1s\u00e1val.<\/li>\n<li>A szurkol\u00f3knak lehet\u0151s\u00e9g ny\u00fajt\u00e1sa egy gazdag, adatvez\u00e9relt labdar\u00fag\u00f3 \u00e9lm\u00e9nyre.<\/li>\n<\/ol>\n<p>[\/et_pb_text][et_pb_text _builder_version=&#8221;4.24.2&#8243; _module_preset=&#8221;default&#8221; text_font_size=&#8221;16px&#8221; header_2_font=&#8221;|700||on|||||&#8221; locked=&#8221;off&#8221; global_colors_info=&#8221;{}&#8221;]<\/p>\n<h2>K\u00d6VETKEZTET\u00c9S:<\/h2>\n<p>A FPF \u00e9s a Pixellot k\u00f6z\u00f6tti szinergia eredm\u00e9nyei al\u00e1t\u00e1masztj\u00e1k a digit\u00e1lis innov\u00e1ci\u00f3 \u00e1talak\u00edt\u00f3 erej\u00e9t a sportban. Ez az egy\u00fcttm\u0171k\u00f6d\u00e9s \u00fatmutat\u00f3k\u00e9nt szolg\u00e1l m\u00e1s sport sz\u00f6vets\u00e9gek sz\u00e1m\u00e1ra mindenf\u00e9le sport\u00e1gban, akik optim\u00e1lis j\u00f6v\u0151re k\u00e9sz\u00fclnek, \u00e9s egy olyan k\u00f6rnyezetet k\u00edv\u00e1nnak teremteni a szurkol\u00f3k, j\u00e1t\u00e9kosok \u00e9s edz\u0151k sz\u00e1m\u00e1ra, amely mindenki sz\u00e1m\u00e1ra kedvez\u0151.<\/p>\n<p>[\/et_pb_text][\/et_pb_column][\/et_pb_row][et_pb_row _builder_version=&#8221;4.24.2&#8243; _module_preset=&#8221;default&#8221;][et_pb_column _builder_version=&#8221;4.24.2&#8243; _module_preset=&#8221;default&#8221; type=&#8221;4_4&#8243;][et_pb_button button_text=&#8221;Vissza&#8221; _builder_version=&#8221;4.24.2&#8243; _module_preset=&#8221;default&#8221; button_url=&#8221;https:\/\/ringsport.hu\/index.php\/hirek-esemenyek\/&#8221; button_alignment=&#8221;left&#8221; custom_button=&#8221;on&#8221; button_text_size=&#8221;20px&#8221; button_text_color=&#8221;#0c6d00&#8243; button_border_radius=&#8221;7px&#8221; button_icon=&#8221;&#xf0e2;||fa||900&#8243; hover_enabled=&#8221;0&#8243; sticky_enabled=&#8221;0&#8243;][\/et_pb_button][\/et_pb_column][\/et_pb_row][\/et_pb_section]<\/p>\n","protected":false},"excerpt":{"rendered":"<p>BEVEZET\u00c9S: Ez a tanulm\u00e1ny bemutatja, hogyan dolgoznak egy\u00fctt a FPF \u00e9s a Pixellot a Portug\u00e1l Labdar\u00fag\u00f3-sz\u00f6vets\u00e9g (FPF) 2030-as projektj\u00e9nek v\u00e9grehajt\u00e1s\u00e1ban. A FPF el\u0151remutat\u00f3 megk\u00f6zel\u00edt\u00e9st mutatott az\u00e1ltal, hogy partners\u00e9get k\u00f6t\u00f6tt a Pixellottal, hogy digit\u00e1lisan \u00e1talak\u00edtsa 5 bajnoks\u00e1g\u00e1t. Ez egy \u00fatmutat\u00f3 a j\u00f6v\u0151 labdar\u00fag\u00e1s\u00e1nak digit\u00e1lis \u00e1talak\u00edt\u00e1s\u00e1hoz, azzal a c\u00e9llal, hogy mindenki sz\u00e1m\u00e1ra hozz\u00e1f\u00e9rhet\u0151bb\u00e9, befogad\u00f3bb\u00e1 \u00e9s vonz\u00f3bb\u00e1 tegye [&hellip;]<\/p>\n","protected":false},"author":2,"featured_media":0,"parent":0,"menu_order":0,"comment_status":"closed","ping_status":"closed","template":"","meta":{"_et_pb_use_builder":"on","_et_pb_old_content":"","_et_gb_content_width":"","footnotes":""},"class_list":["post-796","page","type-page","status-publish","hentry"],"yoast_head":"<!-- This site is optimized with the Yoast SEO Premium plugin v27.5 (Yoast SEO v27.5) - https:\/\/yoast.com\/product\/yoast-seo-premium-wordpress\/ -->\n<title>FPF Portul\u00e1l Labdar\u00fag\u00e1s - RingSport<\/title>\n<meta name=\"description\" content=\"Az FPF \u00e9s a Pixellot partners\u00e9ge a labdar\u00fag\u00e1sban, amelynek c\u00e9lja a sport hozz\u00e1f\u00e9rhet\u0151bb\u00e9 \u00e9s vonz\u00f3bb\u00e1 t\u00e9tele. A Pixellot technol\u00f3gi\u00e1ja kataliz\u00e1tork\u00e9nt szolg\u00e1l a FPF \u00e1ltal kit\u0171z\u00f6tt c\u00e9lok el\u00e9r\u00e9s\u00e9ben, melyek k\u00f6z\u00e9 tartozik a n\u0151i \u00e9s ifj\u00fas\u00e1gi labdar\u00fag\u00e1s l\u00e1that\u00f3s\u00e1g\u00e1nak n\u00f6vel\u00e9se, valamint a j\u00e1t\u00e9kos- \u00e9s edz\u0151fejleszt\u00e9s forradalmi el\u0151rel\u00e9p\u00e9se. A k\u00f6zvet\u00edt\u00e9s r\u00e9v\u00e9n a szurkol\u00f3k sz\u00e1m\u00e1ra \u00faj, adatvez\u00e9relt labdar\u00fag\u00f3 \u00e9lm\u00e9nyt ny\u00fajtanak.\" \/>\n<meta name=\"robots\" content=\"index, follow, max-snippet:-1, max-image-preview:large, max-video-preview:-1\" \/>\n<link rel=\"canonical\" href=\"https:\/\/ringsport.hu\/index.php\/796-2\/\" \/>\n<meta property=\"og:locale\" content=\"hu_HU\" \/>\n<meta property=\"og:type\" content=\"article\" \/>\n<meta property=\"og:title\" content=\"FPF Portul\u00e1l Labdar\u00fag\u00e1s\" \/>\n<meta property=\"og:description\" content=\"Az FPF \u00e9s a Pixellot partners\u00e9ge a labdar\u00fag\u00e1sban, amelynek c\u00e9lja a sport hozz\u00e1f\u00e9rhet\u0151bb\u00e9 \u00e9s vonz\u00f3bb\u00e1 t\u00e9tele. A Pixellot technol\u00f3gi\u00e1ja kataliz\u00e1tork\u00e9nt szolg\u00e1l a FPF \u00e1ltal kit\u0171z\u00f6tt c\u00e9lok el\u00e9r\u00e9s\u00e9ben, melyek k\u00f6z\u00e9 tartozik a n\u0151i \u00e9s ifj\u00fas\u00e1gi labdar\u00fag\u00e1s l\u00e1that\u00f3s\u00e1g\u00e1nak n\u00f6vel\u00e9se, valamint a j\u00e1t\u00e9kos- \u00e9s edz\u0151fejleszt\u00e9s forradalmi el\u0151rel\u00e9p\u00e9se. A k\u00f6zvet\u00edt\u00e9s r\u00e9v\u00e9n a szurkol\u00f3k sz\u00e1m\u00e1ra \u00faj, adatvez\u00e9relt labdar\u00fag\u00f3 \u00e9lm\u00e9nyt ny\u00fajtanak.\" \/>\n<meta property=\"og:url\" content=\"https:\/\/ringsport.hu\/index.php\/796-2\/\" \/>\n<meta property=\"og:site_name\" content=\"RingSport\" \/>\n<meta property=\"article:modified_time\" content=\"2024-03-05T08:22:21+00:00\" \/>\n<meta name=\"twitter:card\" content=\"summary_large_image\" \/>\n<meta name=\"twitter:label1\" content=\"Becs\u00fclt olvas\u00e1si id\u0151\" \/>\n\t<meta name=\"twitter:data1\" content=\"4 perc\" \/>\n<script type=\"application\/ld+json\" class=\"yoast-schema-graph\">{\"@context\":\"https:\\\/\\\/schema.org\",\"@graph\":[{\"@type\":\"WebPage\",\"@id\":\"https:\\\/\\\/ringsport.hu\\\/index.php\\\/796-2\\\/\",\"url\":\"https:\\\/\\\/ringsport.hu\\\/index.php\\\/796-2\\\/\",\"name\":\"FPF Portul\u00e1l Labdar\u00fag\u00e1s - RingSport\",\"isPartOf\":{\"@id\":\"https:\\\/\\\/ringsport.hu\\\/#website\"},\"datePublished\":\"2024-03-04T09:06:28+00:00\",\"dateModified\":\"2024-03-05T08:22:21+00:00\",\"description\":\"Az FPF \u00e9s a Pixellot partners\u00e9ge a labdar\u00fag\u00e1sban, amelynek c\u00e9lja a sport hozz\u00e1f\u00e9rhet\u0151bb\u00e9 \u00e9s vonz\u00f3bb\u00e1 t\u00e9tele. A Pixellot technol\u00f3gi\u00e1ja kataliz\u00e1tork\u00e9nt szolg\u00e1l a FPF \u00e1ltal kit\u0171z\u00f6tt c\u00e9lok el\u00e9r\u00e9s\u00e9ben, melyek k\u00f6z\u00e9 tartozik a n\u0151i \u00e9s ifj\u00fas\u00e1gi labdar\u00fag\u00e1s l\u00e1that\u00f3s\u00e1g\u00e1nak n\u00f6vel\u00e9se, valamint a j\u00e1t\u00e9kos- \u00e9s edz\u0151fejleszt\u00e9s forradalmi el\u0151rel\u00e9p\u00e9se. A k\u00f6zvet\u00edt\u00e9s r\u00e9v\u00e9n a szurkol\u00f3k sz\u00e1m\u00e1ra \u00faj, adatvez\u00e9relt labdar\u00fag\u00f3 \u00e9lm\u00e9nyt ny\u00fajtanak.\",\"breadcrumb\":{\"@id\":\"https:\\\/\\\/ringsport.hu\\\/index.php\\\/796-2\\\/#breadcrumb\"},\"inLanguage\":\"hu\",\"potentialAction\":[{\"@type\":\"ReadAction\",\"target\":[\"https:\\\/\\\/ringsport.hu\\\/index.php\\\/796-2\\\/\"]}]},{\"@type\":\"BreadcrumbList\",\"@id\":\"https:\\\/\\\/ringsport.hu\\\/index.php\\\/796-2\\\/#breadcrumb\",\"itemListElement\":[{\"@type\":\"ListItem\",\"position\":1,\"name\":\"Kezd\u0151lap\",\"item\":\"https:\\\/\\\/ringsport.hu\\\/\"},{\"@type\":\"ListItem\",\"position\":2,\"name\":\"FPF Portul\u00e1l Labdar\u00fag\u00e1s\"}]},{\"@type\":\"WebSite\",\"@id\":\"https:\\\/\\\/ringsport.hu\\\/#website\",\"url\":\"https:\\\/\\\/ringsport.hu\\\/\",\"name\":\"RingSport\",\"description\":\"AI-automatiz\u00e1lt sportkamera \u00e9s elemz\u00e9sek\",\"publisher\":{\"@id\":\"https:\\\/\\\/ringsport.hu\\\/#organization\"},\"potentialAction\":[{\"@type\":\"SearchAction\",\"target\":{\"@type\":\"EntryPoint\",\"urlTemplate\":\"https:\\\/\\\/ringsport.hu\\\/?s={search_term_string}\"},\"query-input\":{\"@type\":\"PropertyValueSpecification\",\"valueRequired\":true,\"valueName\":\"search_term_string\"}}],\"inLanguage\":\"hu\"},{\"@type\":\"Organization\",\"@id\":\"https:\\\/\\\/ringsport.hu\\\/#organization\",\"name\":\"RingSport\",\"url\":\"https:\\\/\\\/ringsport.hu\\\/\",\"logo\":{\"@type\":\"ImageObject\",\"inLanguage\":\"hu\",\"@id\":\"https:\\\/\\\/ringsport.hu\\\/#\\\/schema\\\/logo\\\/image\\\/\",\"url\":\"https:\\\/\\\/ringsport.hu\\\/wp-content\\\/uploads\\\/2024\\\/01\\\/RingSport-logo.png\",\"contentUrl\":\"https:\\\/\\\/ringsport.hu\\\/wp-content\\\/uploads\\\/2024\\\/01\\\/RingSport-logo.png\",\"width\":1567,\"height\":182,\"caption\":\"RingSport\"},\"image\":{\"@id\":\"https:\\\/\\\/ringsport.hu\\\/#\\\/schema\\\/logo\\\/image\\\/\"}}]}<\/script>\n<!-- \/ Yoast SEO Premium plugin. -->","yoast_head_json":{"title":"FPF Portul\u00e1l Labdar\u00fag\u00e1s - RingSport","description":"Az FPF \u00e9s a Pixellot partners\u00e9ge a labdar\u00fag\u00e1sban, amelynek c\u00e9lja a sport hozz\u00e1f\u00e9rhet\u0151bb\u00e9 \u00e9s vonz\u00f3bb\u00e1 t\u00e9tele. A Pixellot technol\u00f3gi\u00e1ja kataliz\u00e1tork\u00e9nt szolg\u00e1l a FPF \u00e1ltal kit\u0171z\u00f6tt c\u00e9lok el\u00e9r\u00e9s\u00e9ben, melyek k\u00f6z\u00e9 tartozik a n\u0151i \u00e9s ifj\u00fas\u00e1gi labdar\u00fag\u00e1s l\u00e1that\u00f3s\u00e1g\u00e1nak n\u00f6vel\u00e9se, valamint a j\u00e1t\u00e9kos- \u00e9s edz\u0151fejleszt\u00e9s forradalmi el\u0151rel\u00e9p\u00e9se. A k\u00f6zvet\u00edt\u00e9s r\u00e9v\u00e9n a szurkol\u00f3k sz\u00e1m\u00e1ra \u00faj, adatvez\u00e9relt labdar\u00fag\u00f3 \u00e9lm\u00e9nyt ny\u00fajtanak.","robots":{"index":"index","follow":"follow","max-snippet":"max-snippet:-1","max-image-preview":"max-image-preview:large","max-video-preview":"max-video-preview:-1"},"canonical":"https:\/\/ringsport.hu\/index.php\/796-2\/","og_locale":"hu_HU","og_type":"article","og_title":"FPF Portul\u00e1l Labdar\u00fag\u00e1s","og_description":"Az FPF \u00e9s a Pixellot partners\u00e9ge a labdar\u00fag\u00e1sban, amelynek c\u00e9lja a sport hozz\u00e1f\u00e9rhet\u0151bb\u00e9 \u00e9s vonz\u00f3bb\u00e1 t\u00e9tele. A Pixellot technol\u00f3gi\u00e1ja kataliz\u00e1tork\u00e9nt szolg\u00e1l a FPF \u00e1ltal kit\u0171z\u00f6tt c\u00e9lok el\u00e9r\u00e9s\u00e9ben, melyek k\u00f6z\u00e9 tartozik a n\u0151i \u00e9s ifj\u00fas\u00e1gi labdar\u00fag\u00e1s l\u00e1that\u00f3s\u00e1g\u00e1nak n\u00f6vel\u00e9se, valamint a j\u00e1t\u00e9kos- \u00e9s edz\u0151fejleszt\u00e9s forradalmi el\u0151rel\u00e9p\u00e9se. A k\u00f6zvet\u00edt\u00e9s r\u00e9v\u00e9n a szurkol\u00f3k sz\u00e1m\u00e1ra \u00faj, adatvez\u00e9relt labdar\u00fag\u00f3 \u00e9lm\u00e9nyt ny\u00fajtanak.","og_url":"https:\/\/ringsport.hu\/index.php\/796-2\/","og_site_name":"RingSport","article_modified_time":"2024-03-05T08:22:21+00:00","twitter_card":"summary_large_image","twitter_misc":{"Becs\u00fclt olvas\u00e1si id\u0151":"4 perc"},"schema":{"@context":"https:\/\/schema.org","@graph":[{"@type":"WebPage","@id":"https:\/\/ringsport.hu\/index.php\/796-2\/","url":"https:\/\/ringsport.hu\/index.php\/796-2\/","name":"FPF Portul\u00e1l Labdar\u00fag\u00e1s - RingSport","isPartOf":{"@id":"https:\/\/ringsport.hu\/#website"},"datePublished":"2024-03-04T09:06:28+00:00","dateModified":"2024-03-05T08:22:21+00:00","description":"Az FPF \u00e9s a Pixellot partners\u00e9ge a labdar\u00fag\u00e1sban, amelynek c\u00e9lja a sport hozz\u00e1f\u00e9rhet\u0151bb\u00e9 \u00e9s vonz\u00f3bb\u00e1 t\u00e9tele. A Pixellot technol\u00f3gi\u00e1ja kataliz\u00e1tork\u00e9nt szolg\u00e1l a FPF \u00e1ltal kit\u0171z\u00f6tt c\u00e9lok el\u00e9r\u00e9s\u00e9ben, melyek k\u00f6z\u00e9 tartozik a n\u0151i \u00e9s ifj\u00fas\u00e1gi labdar\u00fag\u00e1s l\u00e1that\u00f3s\u00e1g\u00e1nak n\u00f6vel\u00e9se, valamint a j\u00e1t\u00e9kos- \u00e9s edz\u0151fejleszt\u00e9s forradalmi el\u0151rel\u00e9p\u00e9se. A k\u00f6zvet\u00edt\u00e9s r\u00e9v\u00e9n a szurkol\u00f3k sz\u00e1m\u00e1ra \u00faj, adatvez\u00e9relt labdar\u00fag\u00f3 \u00e9lm\u00e9nyt ny\u00fajtanak.","breadcrumb":{"@id":"https:\/\/ringsport.hu\/index.php\/796-2\/#breadcrumb"},"inLanguage":"hu","potentialAction":[{"@type":"ReadAction","target":["https:\/\/ringsport.hu\/index.php\/796-2\/"]}]},{"@type":"BreadcrumbList","@id":"https:\/\/ringsport.hu\/index.php\/796-2\/#breadcrumb","itemListElement":[{"@type":"ListItem","position":1,"name":"Kezd\u0151lap","item":"https:\/\/ringsport.hu\/"},{"@type":"ListItem","position":2,"name":"FPF Portul\u00e1l Labdar\u00fag\u00e1s"}]},{"@type":"WebSite","@id":"https:\/\/ringsport.hu\/#website","url":"https:\/\/ringsport.hu\/","name":"RingSport","description":"AI-automatiz\u00e1lt sportkamera \u00e9s elemz\u00e9sek","publisher":{"@id":"https:\/\/ringsport.hu\/#organization"},"potentialAction":[{"@type":"SearchAction","target":{"@type":"EntryPoint","urlTemplate":"https:\/\/ringsport.hu\/?s={search_term_string}"},"query-input":{"@type":"PropertyValueSpecification","valueRequired":true,"valueName":"search_term_string"}}],"inLanguage":"hu"},{"@type":"Organization","@id":"https:\/\/ringsport.hu\/#organization","name":"RingSport","url":"https:\/\/ringsport.hu\/","logo":{"@type":"ImageObject","inLanguage":"hu","@id":"https:\/\/ringsport.hu\/#\/schema\/logo\/image\/","url":"https:\/\/ringsport.hu\/wp-content\/uploads\/2024\/01\/RingSport-logo.png","contentUrl":"https:\/\/ringsport.hu\/wp-content\/uploads\/2024\/01\/RingSport-logo.png","width":1567,"height":182,"caption":"RingSport"},"image":{"@id":"https:\/\/ringsport.hu\/#\/schema\/logo\/image\/"}}]}},"_links":{"self":[{"href":"https:\/\/ringsport.hu\/index.php\/wp-json\/wp\/v2\/pages\/796","targetHints":{"allow":["GET"]}}],"collection":[{"href":"https:\/\/ringsport.hu\/index.php\/wp-json\/wp\/v2\/pages"}],"about":[{"href":"https:\/\/ringsport.hu\/index.php\/wp-json\/wp\/v2\/types\/page"}],"author":[{"embeddable":true,"href":"https:\/\/ringsport.hu\/index.php\/wp-json\/wp\/v2\/users\/2"}],"replies":[{"embeddable":true,"href":"https:\/\/ringsport.hu\/index.php\/wp-json\/wp\/v2\/comments?post=796"}],"version-history":[{"count":13,"href":"https:\/\/ringsport.hu\/index.php\/wp-json\/wp\/v2\/pages\/796\/revisions"}],"predecessor-version":[{"id":825,"href":"https:\/\/ringsport.hu\/index.php\/wp-json\/wp\/v2\/pages\/796\/revisions\/825"}],"wp:attachment":[{"href":"https:\/\/ringsport.hu\/index.php\/wp-json\/wp\/v2\/media?parent=796"}],"curies":[{"name":"wp","href":"https:\/\/api.w.org\/{rel}","templated":true}]}}